CRAN Package Check Results for Package mvmesh

Last updated on 2019-07-15 22:55:11 CEST.

Flavor Version Tinstall Tcheck Ttotal Status Flags
r-devel-linux-x86_64-debian-clang 1.5 5.48 41.54 47.02 OK
r-devel-linux-x86_64-debian-gcc 1.5 4.63 33.02 37.65 OK
r-devel-linux-x86_64-fedora-clang 1.5 56.58 OK
r-devel-linux-x86_64-fedora-gcc 1.5 54.31 OK
r-devel-windows-ix86+x86_64 1.5 13.00 52.00 65.00 OK
r-patched-linux-x86_64 1.5 5.49 41.72 47.21 OK
r-patched-solaris-x86 1.5 89.50 OK
r-release-linux-x86_64 1.5 5.67 41.22 46.89 OK
r-release-windows-ix86+x86_64 1.5 11.00 58.00 69.00 OK
r-release-osx-x86_64 1.5 WARN
r-oldrel-windows-ix86+x86_64 1.5 11.00 51.00 62.00 OK
r-oldrel-osx-x86_64 1.5 OK

Check Details

Version: 1.5
Check: whether package can be installed
Result: WARN
    Found the following significant warnings:
     Warning: 'rgl_init' failed, running with rgl.useNULL = TRUE
Flavor: r-release-osx-x86_64