Last updated on 2025-06-19 17:55:34 CEST.
Flavor | Version | Tinstall | Tcheck | Ttotal | Status | Flags |
---|---|---|---|---|---|---|
r-devel-linux-x86_64-debian-clang | 0.1-10 | 3.59 | 166.54 | 170.13 | NOTE | |
r-devel-linux-x86_64-debian-gcc | 0.1-10 | 2.82 | 108.04 | 110.86 | NOTE | |
r-devel-linux-x86_64-fedora-clang | 0.1-10 | 282.58 | OK | |||
r-devel-linux-x86_64-fedora-gcc | 0.1-10 | 279.47 | OK | |||
r-devel-windows-x86_64 | 0.1-10 | 5.00 | 180.00 | 185.00 | OK | |
r-patched-linux-x86_64 | 0.1-10 | 3.47 | 160.02 | 163.49 | OK | |
r-release-linux-x86_64 | 0.1-10 | 3.37 | 166.48 | 169.85 | OK | |
r-release-macos-arm64 | 0.1-10 | 72.00 | OK | |||
r-release-macos-x86_64 | 0.1-10 | 158.00 | OK | |||
r-release-windows-x86_64 | 0.1-10 | 5.00 | 189.00 | 194.00 | OK | |
r-oldrel-macos-arm64 | 0.1-10 | 69.00 | OK | |||
r-oldrel-macos-x86_64 | 0.1-10 | 118.00 | OK | |||
r-oldrel-windows-x86_64 | 0.1-10 | 6.00 | 241.00 | 247.00 | OK |
Version: 0.1-10
Check: CRAN incoming feasibility
Result: NOTE
Maintainer: ‘Arne Henningsen <arne.henningsen@gmail.com>’
No Authors@R field in DESCRIPTION.
Please add one, modifying
Authors@R: person(given = "Arne",
family = "Henningsen",
role = c("aut", "cre"),
email = "arne.henningsen@gmail.com")
as necessary.
Flavors: r-devel-linux-x86_64-debian-clang, r-devel-linux-x86_64-debian-gcc