CRAN Package Check Results for Package mumm

Last updated on 2022-06-29 01:50:27 CEST.

Flavor Version Tinstall Tcheck Ttotal Status Flags
r-devel-linux-x86_64-debian-clang 0.2.1 107.27 82.75 190.02 NOTE
r-devel-linux-x86_64-debian-gcc 0.2.1 102.77 63.86 166.63 NOTE
r-devel-linux-x86_64-fedora-clang 0.2.1 270.44 NOTE
r-devel-linux-x86_64-fedora-gcc 0.2.1 266.89 NOTE
r-devel-windows-x86_64 0.2.1 67.00 125.00 192.00 NOTE
r-patched-linux-x86_64 0.2.1 96.76 81.72 178.48 NOTE
r-release-linux-x86_64 0.2.1 93.07 80.21 173.28 NOTE
r-release-macos-arm64 0.2.1 70.00 NOTE
r-release-macos-x86_64 0.2.1 111.00 NOTE
r-release-windows-x86_64 0.2.1 70.00 127.00 197.00 NOTE
r-oldrel-macos-arm64 0.2.1 75.00 NOTE
r-oldrel-macos-x86_64 0.2.1 110.00 NOTE
r-oldrel-windows-ix86+x86_64 0.2.1 205.00 145.00 350.00 NOTE

Check Details

Version: 0.2.1
Check: LazyData
Result: NOTE
     'LazyData' is specified without a 'data' directory
Flavors: r-devel-linux-x86_64-debian-clang, r-devel-linux-x86_64-debian-gcc, r-devel-linux-x86_64-fedora-clang, r-devel-linux-x86_64-fedora-gcc, r-devel-windows-x86_64, r-patched-linux-x86_64, r-release-linux-x86_64, r-release-macos-arm64, r-release-macos-x86_64, r-release-windows-x86_64, r-oldrel-macos-arm64, r-oldrel-macos-x86_64, r-oldrel-windows-ix86+x86_64

Version: 0.2.1
Check: installed package size
Result: NOTE
     installed size is 24.1Mb
     sub-directories of 1Mb or more:
     libs 24.0Mb
Flavors: r-devel-linux-x86_64-fedora-clang, r-devel-windows-x86_64, r-release-macos-arm64, r-release-macos-x86_64, r-release-windows-x86_64, r-oldrel-macos-arm64, r-oldrel-macos-x86_64, r-oldrel-windows-ix86+x86_64