Last updated on 2022-07-03 15:52:37 CEST.
Flavor | Version | Tinstall | Tcheck | Ttotal | Status | Flags |
---|---|---|---|---|---|---|
r-devel-linux-x86_64-debian-clang | 1.2.3 | 3.05 | 28.10 | 31.15 | OK | |
r-devel-linux-x86_64-debian-gcc | 1.2.3 | 2.09 | 21.91 | 24.00 | OK | |
r-devel-linux-x86_64-fedora-clang | 1.2.3 | 48.47 | NOTE | |||
r-devel-linux-x86_64-fedora-gcc | 1.2.3 | 47.58 | OK | |||
r-devel-windows-x86_64 | 1.2.3 | 15.00 | 52.00 | 67.00 | OK | |
r-patched-linux-x86_64 | 1.2.3 | 2.61 | 27.75 | 30.36 | OK | |
r-release-linux-x86_64 | 1.2.3 | 2.98 | 27.44 | 30.42 | OK | |
r-release-macos-arm64 | 1.2.3 | 17.00 | OK | |||
r-release-macos-x86_64 | 1.2.3 | 25.00 | OK | |||
r-release-windows-x86_64 | 1.2.3 | 20.00 | 52.00 | 72.00 | OK | |
r-oldrel-macos-arm64 | 1.2.3 | 24.00 | OK | |||
r-oldrel-macos-x86_64 | 1.2.3 | 30.00 | OK | |||
r-oldrel-windows-ix86+x86_64 | 1.2.3 | 7.00 | 45.00 | 52.00 | OK |
Version: 1.2.3
Check: Rd cross-references
Result: NOTE
Undeclared package ‘lfe’ in Rd xrefs
Flavor: r-devel-linux-x86_64-fedora-clang