CRAN Package Check Results for Package multivar

Last updated on 2021-12-03 03:55:38 CET.

Flavor Version Tinstall Tcheck Ttotal Status Flags
r-devel-linux-x86_64-debian-clang 0.0.2 32.27 25.72 57.99 NOTE
r-devel-linux-x86_64-debian-gcc 0.0.2 23.60 21.56 45.16 NOTE
r-devel-linux-x86_64-fedora-clang 0.0.2 96.71 NOTE
r-devel-linux-x86_64-fedora-gcc 0.0.2 79.32 NOTE
r-devel-windows-x86_64-new-UL 0.0.2 47.00 85.00 132.00 NOTE
r-devel-windows-x86_64-new-TK 0.0.2 NOTE
r-devel-windows-x86_64-old 0.0.2 44.00 42.00 86.00 NOTE
r-patched-linux-x86_64 0.0.2 29.11 24.82 53.93 NOTE
r-patched-solaris-x86 0.0.2 84.20 NOTE
r-release-linux-x86_64 0.0.2 29.34 24.75 54.09 NOTE
r-release-macos-arm64 0.0.2 NOTE
r-release-macos-x86_64 0.0.2 NOTE
r-release-windows-ix86+x86_64 0.0.2 84.00 66.00 150.00 NOTE
r-oldrel-macos-x86_64 0.0.2 NOTE
r-oldrel-windows-ix86+x86_64 0.0.2 81.00 69.00 150.00 OK

Check Details

Version: 0.0.2
Check: LazyData
Result: NOTE
     'LazyData' is specified without a 'data' directory
Flavors: r-devel-linux-x86_64-debian-clang, r-devel-linux-x86_64-debian-gcc, r-devel-linux-x86_64-fedora-clang, r-devel-linux-x86_64-fedora-gcc, r-devel-windows-x86_64-new-UL, r-devel-windows-x86_64-new-TK, r-devel-windows-x86_64-old, r-patched-linux-x86_64, r-patched-solaris-x86, r-release-linux-x86_64, r-release-macos-arm64, r-release-macos-x86_64, r-release-windows-ix86+x86_64

Version: 0.0.2
Check: dependencies in R code
Result: NOTE
    Namespaces in Imports field not imported from:
     ‘stats’ ‘utils’
     All declared Imports should be used.
Flavors: r-devel-linux-x86_64-fedora-clang, r-devel-linux-x86_64-fedora-gcc, r-devel-windows-x86_64-new-TK, r-patched-solaris-x86, r-release-macos-arm64, r-release-macos-x86_64, r-oldrel-macos-x86_64