CRAN Package Check Results for Package multiselect

Last updated on 2022-12-01 13:50:11 CET.

Flavor Version Tinstall Tcheck Ttotal Status Flags
r-devel-linux-x86_64-debian-clang 0.1.0 2.48 30.58 33.06 NOTE
r-devel-linux-x86_64-debian-gcc 0.1.0 1.89 23.52 25.41 NOTE
r-devel-linux-x86_64-fedora-clang 0.1.0 51.77 NOTE
r-devel-linux-x86_64-fedora-gcc 0.1.0 49.54 NOTE
r-devel-windows-x86_64 0.1.0 10.00 57.00 67.00 NOTE
r-patched-linux-x86_64 0.1.0 1.68 28.44 30.12 NOTE
r-release-linux-x86_64 0.1.0 1.53 29.65 31.18 NOTE
r-release-macos-arm64 0.1.0 17.00 NOTE
r-release-macos-x86_64 0.1.0 28.00 NOTE
r-release-windows-x86_64 0.1.0 7.00 59.00 66.00 NOTE
r-oldrel-macos-arm64 0.1.0 18.00 NOTE
r-oldrel-macos-x86_64 0.1.0 29.00 NOTE
r-oldrel-windows-ix86+x86_64 0.1.0 7.00 52.00 59.00 NOTE

Check Details

Version: 0.1.0
Check: LazyData
Result: NOTE
     'LazyData' is specified without a 'data' directory
Flavors: r-devel-linux-x86_64-debian-clang, r-devel-linux-x86_64-debian-gcc, r-devel-linux-x86_64-fedora-clang, r-devel-linux-x86_64-fedora-gcc, r-devel-windows-x86_64, r-patched-linux-x86_64, r-release-linux-x86_64, r-release-macos-arm64, r-release-macos-x86_64, r-release-windows-x86_64, r-oldrel-macos-arm64, r-oldrel-macos-x86_64, r-oldrel-windows-ix86+x86_64