CRAN Package Check Results for Package multipanelfigure

Last updated on 2022-06-25 08:52:05 CEST.

Flavor Version Tinstall Tcheck Ttotal Status Flags
r-devel-linux-x86_64-debian-clang 2.1.2 8.03 93.74 101.77 OK
r-devel-linux-x86_64-debian-gcc 2.1.2 5.64 68.85 74.49 OK
r-devel-linux-x86_64-fedora-clang 2.1.2 132.25 OK
r-devel-linux-x86_64-fedora-gcc 2.1.2 123.53 OK
r-devel-windows-x86_64 2.1.2 90.00 128.00 218.00 OK
r-patched-linux-x86_64 2.1.2 7.25 85.57 92.82 OK
r-release-linux-x86_64 2.1.2 6.17 86.50 92.67 OK
r-release-macos-arm64 2.1.2 42.00 NOTE
r-release-macos-x86_64 2.1.2 70.00 OK
r-release-windows-x86_64 2.1.2 63.00 131.00 194.00 OK
r-oldrel-macos-arm64 2.1.2 49.00 NOTE
r-oldrel-macos-x86_64 2.1.2 75.00 OK
r-oldrel-windows-ix86+x86_64 2.1.2 20.00 114.00 134.00 OK

Check Details

Version: 2.1.2
Check: package dependencies
Result: NOTE
    Package suggested but not available for checking: ‘ComplexHeatmap’
Flavors: r-release-macos-arm64, r-oldrel-macos-arm64

Version: 2.1.2
Check: Rd cross-references
Result: NOTE
    Package unavailable to check Rd xrefs: ‘ComplexHeatmap’
Flavors: r-release-macos-arm64, r-oldrel-macos-arm64