CRAN Package Check Results for Package multinomialLogitMix

Last updated on 2023-03-25 00:49:20 CET.

Flavor Version Tinstall Tcheck Ttotal Status Flags
r-devel-linux-x86_64-debian-clang 1.0 35.84 66.22 102.06 NOTE
r-devel-linux-x86_64-debian-gcc 1.0 29.79 50.87 80.66 NOTE
r-devel-linux-x86_64-fedora-clang 1.0 142.56 NOTE
r-devel-linux-x86_64-fedora-gcc 1.0 126.60 NOTE
r-patched-linux-x86_64 1.0 35.04 64.11 99.15 OK
r-release-linux-x86_64 1.0 34.05 62.74 96.79 OK
r-release-macos-arm64 1.0 33.00 OK
r-release-macos-x86_64 1.0 50.00 OK
r-release-windows-x86_64 1.0 94.00 133.00 227.00 OK
r-oldrel-macos-arm64 1.0 34.00 OK
r-oldrel-macos-x86_64 1.0 55.00 OK
r-oldrel-windows-ix86+x86_64 1.0 92.00 164.00 256.00 OK

Check Details

Version: 1.0
Check: C++ specification
Result: NOTE
     Specified C++11: please drop specification unless essential
Flavors: r-devel-linux-x86_64-debian-clang, r-devel-linux-x86_64-debian-gcc, r-devel-linux-x86_64-fedora-clang, r-devel-linux-x86_64-fedora-gcc