CRAN Package Check Results for Package multinma

Last updated on 2020-10-26 10:50:01 CET.

Flavor Version Tinstall Tcheck Ttotal Status Flags
r-devel-linux-x86_64-debian-clang 0.1.3 752.54 239.84 992.38 NOTE
r-devel-linux-x86_64-debian-gcc 0.1.3 0.96 2.26 3.22 ERROR
r-devel-linux-x86_64-fedora-clang 0.1.3 1338.71 NOTE
r-devel-linux-x86_64-fedora-gcc 0.1.3 1265.67 NOTE
r-devel-windows-ix86+x86_64 0.1.3 1305.00 484.00 1789.00 NOTE
r-patched-linux-x86_64 0.1.3 513.51 240.18 753.69 NOTE
r-patched-solaris-x86 0.1.3 1192.00 NOTE
r-release-linux-x86_64 0.1.3 1.11 2.94 4.05 ERROR
r-release-macos-x86_64 0.1.3 NOTE
r-release-windows-ix86+x86_64 0.1.3 915.00 367.00 1282.00 NOTE
r-oldrel-macos-x86_64 0.1.3 NOTE
r-oldrel-windows-ix86+x86_64 0.1.3 1255.00 406.00 1661.00 NOTE

Check Details

Version: 0.1.3
Check: for GNU extensions in Makefiles
Result: NOTE
    GNU make is a SystemRequirements.
Flavors: r-devel-linux-x86_64-debian-clang, r-devel-linux-x86_64-fedora-clang, r-devel-linux-x86_64-fedora-gcc, r-devel-windows-ix86+x86_64, r-patched-linux-x86_64, r-patched-solaris-x86, r-release-macos-x86_64, r-release-windows-ix86+x86_64, r-oldrel-macos-x86_64, r-oldrel-windows-ix86+x86_64

Version: 0.1.3
Check: package dependencies
Result: ERROR
    Package required but not available: ‘rstan’
    
    See section ‘The DESCRIPTION file’ in the ‘Writing R Extensions’
    manual.
Flavors: r-devel-linux-x86_64-debian-gcc, r-release-linux-x86_64

Version: 0.1.3
Check: package dependencies
Result: NOTE
    Imports includes 21 non-default packages.
    Importing from so many packages makes the package vulnerable to any of
    them becoming unavailable. Move as many as possible to Suggests and
    use conditionally.
Flavor: r-devel-linux-x86_64-fedora-clang

Version: 0.1.3
Check: installed package size
Result: NOTE
     installed size is 118.5Mb
     sub-directories of 1Mb or more:
     doc 5.2Mb
     libs 112.2Mb
Flavors: r-devel-linux-x86_64-fedora-clang, r-devel-windows-ix86+x86_64, r-patched-solaris-x86, r-release-macos-x86_64, r-release-windows-ix86+x86_64, r-oldrel-macos-x86_64, r-oldrel-windows-ix86+x86_64

Version: 0.1.3
Check: dependencies in R code
Result: NOTE
    Namespace in Imports field not imported from: ‘rstantools’
     All declared Imports should be used.
Flavors: r-devel-linux-x86_64-fedora-clang, r-devel-linux-x86_64-fedora-gcc, r-patched-solaris-x86, r-release-macos-x86_64, r-oldrel-macos-x86_64