CRAN Package Check Results for Package multifear

Last updated on 2021-05-16 12:49:42 CEST.

Flavor Version Tinstall Tcheck Ttotal Status Flags
r-devel-linux-x86_64-debian-clang 0.1.1 6.26 159.62 165.88 OK
r-devel-linux-x86_64-debian-gcc 0.1.1 4.76 116.88 121.64 OK
r-devel-linux-x86_64-fedora-clang 0.1.1 201.26 NOTE
r-devel-linux-x86_64-fedora-gcc 0.1.1 193.42 NOTE
r-devel-windows-ix86+x86_64 0.1.1 18.00 140.00 158.00 OK
r-devel-windows-x86_64-gcc10-UCRT 0.1.1 NOTE
r-patched-linux-x86_64 0.1.1 6.31 150.21 156.52 OK
r-patched-solaris-x86 0.1.1 266.90 NOTE
r-release-linux-x86_64 0.1.1 6.69 151.75 158.44 OK
r-release-macos-x86_64 0.1.1 NOTE
r-release-windows-ix86+x86_64 0.1.1 13.00 194.00 207.00 OK
r-oldrel-macos-x86_64 0.1.1 NOTE
r-oldrel-windows-ix86+x86_64 0.1.1 13.00 201.00 214.00 OK

Check Details

Version: 0.1.1
Check: dependencies in R code
Result: NOTE
    Namespace in Imports field not imported from: ‘ez’
     All declared Imports should be used.
Flavors: r-devel-linux-x86_64-fedora-clang, r-devel-linux-x86_64-fedora-gcc, r-devel-windows-x86_64-gcc10-UCRT, r-patched-solaris-x86, r-release-macos-x86_64, r-oldrel-macos-x86_64