CRAN Package Check Results for Package multifamm

Last updated on 2024-06-14 05:58:31 CEST.

Flavor Version Tinstall Tcheck Ttotal Status Flags
r-devel-linux-x86_64-debian-clang 0.1.1 7.36 60.14 67.50 OK
r-devel-linux-x86_64-debian-gcc 0.1.1 0.41 1.74 2.15 ERROR
r-devel-linux-x86_64-fedora-clang 0.1.1 88.97 OK
r-devel-linux-x86_64-fedora-gcc 0.1.1 81.69 OK
r-devel-windows-x86_64 0.1.1 8.00 64.00 72.00 OK
r-patched-linux-x86_64 0.1.1 7.25 64.29 71.54 OK
r-release-linux-x86_64 0.1.1 7.11 59.49 66.60 OK
r-release-macos-arm64 0.1.1 27.00 OK
r-release-macos-x86_64 0.1.1 39.00 OK
r-release-windows-x86_64 0.1.1 8.00 66.00 74.00 OK
r-oldrel-macos-arm64 0.1.1 29.00 OK
r-oldrel-macos-x86_64 0.1.1 42.00 OK
r-oldrel-windows-x86_64 0.1.1 10.00 72.00 82.00 OK

Check Details

Version: 0.1.1
Check: package dependencies
Result: ERROR Package required but not available: ‘sparseFLMM’ See section ‘The DESCRIPTION file’ in the ‘Writing R Extensions’ manual. Flavor: r-devel-linux-x86_64-debian-gcc