CRAN Package Check Results for Package multicmp

Last updated on 2024-03-05 02:53:21 CET.

Flavor Version Tinstall Tcheck Ttotal Status Flags
r-devel-linux-x86_64-debian-clang 1.1 1.95 26.32 28.27 NOTE
r-devel-linux-x86_64-debian-gcc 1.1 1.54 20.06 21.60 NOTE
r-devel-linux-x86_64-fedora-clang 1.1 35.07 NOTE
r-devel-linux-x86_64-fedora-gcc 1.1 33.25 NOTE
r-devel-windows-x86_64 1.1 3.00 41.00 44.00 OK
r-patched-linux-x86_64 1.1 2.28 25.39 27.67 OK
r-release-linux-x86_64 1.1 2.35 25.53 27.88 OK
r-release-macos-arm64 1.1 18.00 OK
r-release-macos-x86_64 1.1 22.00 OK
r-release-windows-x86_64 1.1 4.00 41.00 45.00 OK
r-oldrel-macos-arm64 1.1 17.00 OK
r-oldrel-windows-x86_64 1.1 5.00 50.00 55.00 OK

Check Details

Version: 1.1
Check: Rd files
Result: NOTE checkRd: (-1) dbivCMP.Rd:14: Lost braces; missing escapes or markup? 14 | \item{bivprob}{Bivariate probabilities, {p00, p01, p10, p11}.} | ^ Flavors: r-devel-linux-x86_64-debian-clang, r-devel-linux-x86_64-debian-gcc, r-devel-linux-x86_64-fedora-clang, r-devel-linux-x86_64-fedora-gcc