CRAN Package Check Results for Package multiRDPG

Last updated on 2024-02-29 17:22:27 CET.

Flavor Version Tinstall Tcheck Ttotal Status Flags
r-devel-linux-x86_64-debian-clang 1.0.1 2.22 22.83 25.05 NOTE
r-devel-linux-x86_64-debian-gcc 1.0.1 1.85 19.48 21.33 NOTE
r-devel-linux-x86_64-fedora-clang 1.0.1 33.91 NOTE
r-devel-linux-x86_64-fedora-gcc 1.0.1 32.17 NOTE
r-devel-windows-x86_64 1.0.1 3.00 39.00 42.00 NOTE
r-patched-linux-x86_64 1.0.1 2.62 25.06 27.68 NOTE
r-release-linux-x86_64 1.0.1 2.05 25.10 27.15 NOTE
r-release-macos-arm64 1.0.1 16.00 NOTE
r-release-macos-x86_64 1.0.1 20.00 NOTE
r-release-windows-x86_64 1.0.1 4.00 39.00 43.00 NOTE
r-oldrel-macos-arm64 1.0.1 18.00 NOTE
r-oldrel-windows-x86_64 1.0.1 6.00 46.00 52.00 NOTE

Check Details

Version: 1.0.1
Check: Rd files
Result: NOTE checkRd: (-1) nullestimation.Rd:17: Lost braces; missing escapes or markup? 17 | \code{U} \tab The common latent space vectors. U in R^{n x d}\cr | ^ Flavors: r-devel-linux-x86_64-debian-clang, r-devel-linux-x86_64-debian-gcc, r-devel-linux-x86_64-fedora-clang, r-devel-linux-x86_64-fedora-gcc

Version: 1.0.1
Check: LazyData
Result: NOTE 'LazyData' is specified without a 'data' directory Flavors: r-devel-linux-x86_64-debian-clang, r-devel-linux-x86_64-debian-gcc, r-devel-linux-x86_64-fedora-clang, r-devel-linux-x86_64-fedora-gcc, r-devel-windows-x86_64, r-patched-linux-x86_64, r-release-linux-x86_64, r-release-macos-arm64, r-release-macos-x86_64, r-release-windows-x86_64, r-oldrel-macos-arm64, r-oldrel-windows-x86_64