Last updated on 2023-11-30 04:52:58 CET.
Flavor | Version | Tinstall | Tcheck | Ttotal | Status | Flags |
---|---|---|---|---|---|---|
r-devel-linux-x86_64-debian-clang | 1.0.2 | 9.53 | 55.20 | 64.73 | OK | |
r-devel-linux-x86_64-debian-gcc | 1.0.2 | 6.24 | 40.99 | 47.23 | OK | |
r-devel-linux-x86_64-fedora-clang | 1.0.2 | 79.54 | OK | |||
r-devel-linux-x86_64-fedora-gcc | 1.0.2 | 76.80 | OK | |||
r-devel-windows-x86_64 | 1.0.2 | 10.00 | 69.00 | 79.00 | OK | |
r-patched-linux-x86_64 | 1.0.2 | 5.75 | 52.86 | 58.61 | OK | |
r-release-linux-x86_64 | 1.0.2 | 5.42 | 52.40 | 57.82 | OK | |
r-release-macos-arm64 | 1.0.2 | 32.00 | NOTE | |||
r-release-macos-x86_64 | 1.0.2 | 51.00 | NOTE | |||
r-release-windows-x86_64 | 1.0.2 | 11.00 | 76.00 | 87.00 | OK | |
r-oldrel-macos-arm64 | 1.0.2 | 39.00 | NOTE | |||
r-oldrel-macos-x86_64 | 1.0.2 | 46.00 | OK | |||
r-oldrel-windows-x86_64 | 1.0.2 | 12.00 | 85.00 | 97.00 | OK |
Version: 1.0.2
Check: installed package size
Result: NOTE
installed size is 5.7Mb
sub-directories of 1Mb or more:
data 5.5Mb
Flavors: r-release-macos-arm64, r-release-macos-x86_64, r-oldrel-macos-arm64