CRAN Package Check Results for Package mulgar

Last updated on 2024-07-12 11:54:17 CEST.

Flavor Version Tinstall Tcheck Ttotal Status Flags
r-devel-linux-x86_64-debian-clang 1.0.2 7.50 53.36 60.86 OK
r-devel-linux-x86_64-debian-gcc 1.0.2 6.74 40.59 47.33 OK
r-devel-linux-x86_64-fedora-clang 1.0.2 77.57 OK
r-devel-linux-x86_64-fedora-gcc 1.0.2 73.73 OK
r-devel-windows-x86_64 1.0.2 11.00 65.00 76.00 OK
r-patched-linux-x86_64 1.0.2 7.58 52.06 59.64 OK
r-release-linux-x86_64 1.0.2 5.40 51.12 56.52 OK
r-release-macos-arm64 1.0.2 32.00 NOTE
r-release-macos-x86_64 1.0.2 65.00 NOTE
r-release-windows-x86_64 1.0.2 10.00 66.00 76.00 OK
r-oldrel-macos-arm64 1.0.2 32.00 NOTE
r-oldrel-macos-x86_64 1.0.2 51.00 NOTE
r-oldrel-windows-x86_64 1.0.2 11.00 78.00 89.00 OK

Check Details

Version: 1.0.2
Check: installed package size
Result: NOTE installed size is 5.7Mb sub-directories of 1Mb or more: data 5.5Mb Flavors: r-release-macos-arm64, r-release-macos-x86_64, r-oldrel-macos-arm64, r-oldrel-macos-x86_64