CRAN Package Check Results for Package muir

Last updated on 2022-05-22 17:50:46 CEST.

Flavor Version Tinstall Tcheck Ttotal Status Flags
r-devel-linux-x86_64-debian-clang 0.1.0 7.02 61.09 68.11 NOTE
r-devel-linux-x86_64-debian-gcc 0.1.0 4.98 45.55 50.53 NOTE
r-devel-linux-x86_64-fedora-clang 0.1.0 82.38 NOTE
r-devel-linux-x86_64-fedora-gcc 0.1.0 77.89 NOTE
r-devel-windows-x86_64 0.1.0 11.00 72.00 83.00 NOTE
r-patched-linux-x86_64 0.1.0 3.75 57.83 61.58 NOTE
r-release-linux-x86_64 0.1.0 3.95 57.99 61.94 NOTE
r-release-macos-arm64 0.1.0 23.00 NOTE
r-release-macos-x86_64 0.1.0 39.00 NOTE
r-release-windows-x86_64 0.1.0 10.00 75.00 85.00 NOTE
r-oldrel-macos-arm64 0.1.0 30.00 NOTE
r-oldrel-macos-x86_64 0.1.0 38.00 NOTE
r-oldrel-windows-ix86+x86_64 0.1.0 15.00 69.00 84.00 NOTE

Check Details

Version: 0.1.0
Check: LazyData
Result: NOTE
     'LazyData' is specified without a 'data' directory
Flavors: r-devel-linux-x86_64-debian-clang, r-devel-linux-x86_64-debian-gcc, r-devel-linux-x86_64-fedora-clang, r-devel-linux-x86_64-fedora-gcc, r-devel-windows-x86_64, r-patched-linux-x86_64, r-release-linux-x86_64, r-release-macos-arm64, r-release-macos-x86_64, r-release-windows-x86_64, r-oldrel-macos-arm64, r-oldrel-macos-x86_64, r-oldrel-windows-ix86+x86_64