Last updated on 2022-06-28 00:51:20 CEST.
Flavor | Version | Tinstall | Tcheck | Ttotal | Status | Flags |
---|---|---|---|---|---|---|
r-devel-linux-x86_64-debian-clang | 1.1.2 | 8.03 | 171.31 | 179.34 | OK | |
r-devel-linux-x86_64-debian-gcc | 1.1.2 | 5.26 | 126.03 | 131.29 | OK | |
r-devel-linux-x86_64-fedora-clang | 1.1.2 | 212.61 | NOTE | |||
r-devel-linux-x86_64-fedora-gcc | 1.1.2 | 212.26 | NOTE | |||
r-devel-windows-x86_64 | 1.1.2 | 47.00 | 208.00 | 255.00 | OK | |
r-patched-linux-x86_64 | 1.1.2 | 9.90 | 159.39 | 169.29 | OK | |
r-release-linux-x86_64 | 1.1.2 | 9.44 | 161.22 | 170.66 | OK | |
r-release-macos-arm64 | 1.1.2 | 54.00 | NOTE | |||
r-release-macos-x86_64 | 1.1.2 | 103.00 | NOTE | |||
r-release-windows-x86_64 | 1.1.2 | 45.00 | 201.00 | 246.00 | OK | |
r-oldrel-macos-arm64 | 1.1.2 | 82.00 | NOTE | |||
r-oldrel-macos-x86_64 | 1.1.2 | 95.00 | NOTE | |||
r-oldrel-windows-ix86+x86_64 | 1.1.2 | 20.00 | 228.00 | 248.00 | OK |
Version: 1.1.2
Check: dependencies in R code
Result: NOTE
Namespace in Imports field not imported from: ‘ggplot2’
All declared Imports should be used.
Flavors: r-devel-linux-x86_64-fedora-clang, r-devel-linux-x86_64-fedora-gcc, r-release-macos-arm64, r-release-macos-x86_64, r-oldrel-macos-arm64, r-oldrel-macos-x86_64