CRAN Package Check Results for Package mtsta

Last updated on 2024-04-14 21:49:30 CEST.

Flavor Version Tinstall Tcheck Ttotal Status Flags
r-devel-linux-x86_64-debian-clang 0.0.0.1 1.76 30.83 32.59 OK
r-devel-linux-x86_64-debian-gcc 0.0.0.1 1.78 24.22 26.00 OK
r-devel-linux-x86_64-fedora-clang 0.0.0.1 41.70 NOTE
r-devel-linux-x86_64-fedora-gcc 0.0.0.1 52.13 NOTE
r-devel-windows-x86_64 0.0.0.1 3.00 46.00 49.00 OK
r-patched-linux-x86_64 0.0.0.1 1.93 29.98 31.91 OK
r-release-linux-x86_64 0.0.0.1 2.27 27.54 29.81 OK
r-release-macos-arm64 0.0.0.1 24.00 OK
r-release-macos-x86_64 0.0.0.1 60.00 OK
r-release-windows-x86_64 0.0.0.1 3.00 46.00 49.00 OK
r-oldrel-macos-arm64 0.0.0.1 24.00 OK
r-oldrel-windows-x86_64 0.0.0.1 4.00 49.00 53.00 OK

Check Details

Version: 0.0.0.1
Check: data for non-ASCII characters
Result: NOTE Note: found 303 marked UTF-8 strings Flavors: r-devel-linux-x86_64-fedora-clang, r-devel-linux-x86_64-fedora-gcc