Last updated on 2023-11-29 12:56:54 CET.
Flavor | Version | Tinstall | Tcheck | Ttotal | Status | Flags |
---|---|---|---|---|---|---|
r-devel-linux-x86_64-debian-clang | 1.0.1 | 4.67 | 184.46 | 189.13 | OK | |
r-devel-linux-x86_64-debian-gcc | 1.0.1 | 4.17 | 140.14 | 144.31 | OK | |
r-devel-linux-x86_64-fedora-clang | 1.0.1 | 262.78 | NOTE | |||
r-devel-linux-x86_64-fedora-gcc | 1.0.1 | 252.51 | OK | |||
r-devel-windows-x86_64 | 1.0.1 | 6.00 | 163.00 | 169.00 | OK | |
r-patched-linux-x86_64 | 1.0.1 | 3.24 | 180.03 | 183.27 | OK | |
r-release-linux-x86_64 | 1.0.1 | 2.97 | 171.37 | 174.34 | OK | |
r-release-macos-arm64 | 1.0.1 | 61.00 | OK | |||
r-release-macos-x86_64 | 1.0.1 | 139.00 | OK | |||
r-release-windows-x86_64 | 1.0.1 | 8.00 | 186.00 | 194.00 | OK | |
r-oldrel-macos-arm64 | 1.0.1 | 85.00 | OK | |||
r-oldrel-macos-x86_64 | 1.0.0 | 91.00 | OK | |||
r-oldrel-windows-x86_64 | 1.0.1 | 8.00 | 186.00 | 194.00 | OK |
Version: 1.0.1
Check: Rd cross-references
Result: NOTE
Undeclared package ‘tidyr’ in Rd xrefs
Flavor: r-devel-linux-x86_64-fedora-clang