CRAN Package Check Results for Package mstrio

Last updated on 2022-06-28 14:51:12 CEST.

Flavor Version Tinstall Tcheck Ttotal Status Flags
r-devel-linux-x86_64-debian-clang 11.3.5.101 15.43 55.91 71.34 OK
r-devel-linux-x86_64-debian-gcc 11.3.5.101 11.18 41.48 52.66 OK
r-devel-linux-x86_64-fedora-clang 11.3.5.101 92.34 NOTE
r-devel-linux-x86_64-fedora-gcc 11.3.5.101 91.94 NOTE
r-devel-windows-x86_64 11.3.5.101 41.00 84.00 125.00 OK
r-patched-linux-x86_64 11.3.5.101 13.69 52.66 66.35 OK
r-release-linux-x86_64 11.3.5.101 14.71 51.90 66.61 OK
r-release-macos-arm64 11.3.5.101 28.00 NOTE
r-release-macos-x86_64 11.3.5.101 42.00 NOTE
r-release-windows-x86_64 11.3.5.101 39.00 89.00 128.00 OK
r-oldrel-macos-arm64 11.3.5.101 27.00 NOTE
r-oldrel-macos-x86_64 11.3.5.101 40.00 NOTE
r-oldrel-windows-ix86+x86_64 11.3.5.101 25.00 75.00 100.00 OK

Check Details

Version: 11.3.5.101
Check: dependencies in R code
Result: NOTE
    Namespaces in Imports field not imported from:
     ‘markdown’ ‘methods’ ‘vctrs’
     All declared Imports should be used.
Flavors: r-devel-linux-x86_64-fedora-clang, r-devel-linux-x86_64-fedora-gcc, r-release-macos-arm64, r-release-macos-x86_64, r-oldrel-macos-arm64, r-oldrel-macos-x86_64