Last updated on 2023-12-09 04:50:59 CET.
Flavor | Version | Tinstall | Tcheck | Ttotal | Status | Flags |
---|---|---|---|---|---|---|
r-devel-linux-x86_64-debian-clang | 0.3.2 | 14.52 | 185.03 | 199.55 | OK | |
r-devel-linux-x86_64-debian-gcc | 0.3.2 | 13.61 | 137.74 | 151.35 | OK | |
r-devel-linux-x86_64-fedora-clang | 0.3.2 | 250.55 | OK | |||
r-devel-linux-x86_64-fedora-gcc | 0.3.2 | 254.05 | OK | |||
r-devel-windows-x86_64 | 0.3.2 | 16.00 | 170.00 | 186.00 | OK | |
r-patched-linux-x86_64 | 0.3.2 | 16.02 | 170.58 | 186.60 | OK | |
r-release-linux-x86_64 | 0.3.2 | 16.29 | 177.06 | 193.35 | OK | |
r-release-macos-arm64 | 0.3.2 | 82.00 | OK | |||
r-release-macos-x86_64 | 0.3.2 | 141.00 | OK | |||
r-release-windows-x86_64 | 0.3.2 | 21.00 | 201.00 | 222.00 | OK | |
r-oldrel-macos-arm64 | 0.3.2 | 67.00 | NOTE | |||
r-oldrel-macos-x86_64 | 0.3.2 | 100.00 | OK | |||
r-oldrel-windows-x86_64 | 0.3.2 | 22.00 | 202.00 | 224.00 | OK |
Version: 0.3.2
Check: re-building of vignette outputs
Result: NOTE
Error(s) in re-building vignettes:
--- re-building ‘visuals_demo.Rmd’ using rmarkdown
Warning in doTryCatch(return(expr), name, parentenv, handler) :
no font could be found for family "Arial"
Warning in doTryCatch(return(expr), name, parentenv, handler) :
no font could be found for family "Arial"
Warning in doTryCatch(return(expr), name, parentenv, handler) :
no font could be found for family "Arial"
Warning in doTryCatch(return(expr), name, parentenv, handler) :
no font could be found for family "Arial"
Warning in doTryCatch(return(expr), name, parentenv, handler) :
no font could be found for family "Arial"
Warning in doTryCatch(return(expr), name, parentenv, handler) :
no font could be found for family "Arial"
Warning in doTryCatch(return(expr), name, parentenv, handler) :
no font could be found for family "Arial"
Warning in doTryCatch(return(expr), name, parentenv, handler) :
no font could be found for family "Arial"
Warning in doTryCatch(return(expr), name, parentenv, handler) :
no font could be found for family "Arial"
Warning in doTryCatch(return(expr), name, parentenv, handler) :
no font could be found for family "Arial"
Warning in doTryCatch(return(expr), name, parentenv, handler) :
no font could be found for family "Arial"
Warning in doTryCatch(return(expr), name, parentenv, handler) :
no font could be found for family "Arial"
Warning in doTryCatch(return(expr), name, parentenv, handler) :
no font could be found for family "Arial"
Warning in doTryCatch(return(expr), name, parentenv, handler) :
no font could be found for family "Arial"
Warning in doTryCatch(return(expr), name, parentenv, handler) :
no font could be found for family "Arial"
Warning in doTryCatch(return(expr), name, parentenv, handler) :
no font could be found for family "Arial"
Warning in doTryCatch(return(expr), name, parentenv, handler) :
no font could be found for family "Arial"
Warning in doTryCatch(return(expr), name, parentenv, handler) :
no font could be found for family "Arial"
Warning in doTryCatch(return(expr), name, parentenv, handler) :
no font could be found for family "Arial"
Warning in doTryCatch(return(expr), name, parentenv, handler) :
no font could be found for family "Arial"
Warning in doTryCatch(return(expr), name, parentenv, handler) :
no font could be found for family "Arial"
Warning in doTryCatch(return(expr), name, parentenv, handler) :
no font could be found for family "Arial"
Warning in doTryCatch(return(expr), name, parentenv, handler) :
no font could be found for family "Arial"
Warning in doTryCatch(return(expr), name, parentenv, handler) :
no font could be found for family "Arial"
Warning in doTryCatch(return(expr), name, parentenv, handler) :
no font could be found for family "Arial"
Warning in doTryCatch(return(expr), name, parentenv, handler) :
no font could be found for family "Arial"
Warning in doTryCatch(return(expr), name, parentenv, handler) :
no font could be found for family "Arial"
Warning in doTryCatch(return(expr), name, parentenv, handler) :
no font could be found for family "Arial"
Warning in doTryCatch(return(expr), name, parentenv, handler) :
no font could be found for family "Arial"
Warning in doTryCatch(return(expr), name, parentenv, handler) :
no font could be found for family "Arial"
Warning in doTryCatch(return(expr), name, parentenv, handler) :
no font could be found for family "Arial"
Warning in doTryCatch(return(expr), name, parentenv, handler) :
no font could be found for family "Arial"
Warning in doTryCatch(return(expr), name, parentenv, handler) :
no font could be found for family "Arial"
Warning in doTryCatch(return(expr), name, parentenv, handler) :
no font could be found for family "Arial"
Warning in doTryCatch(return(expr), name, parentenv, handler) :
no font could be found for family "Arial"
Warning in doTryCatch(return(expr), name, parentenv, handler) :
no font could be found for family "Arial"
Warning in doTryCatch(return(expr), name, parentenv, handler) :
no font could be found for family "Arial"
Warning in doTryCatch(return(expr), name, parentenv, handler) :
no font could be found for family "Arial"
Warning in doTryCatch(return(expr), name, parentenv, handler) :
no font could be found for family "Arial"
Warning in doTryCatch(return(expr), name, parentenv, handler) :
no font could be found for family "Arial"
Warning in doTryCatch(return(expr), name, parentenv, handler) :
no font could be found for family "Arial"
Warning in doTryCatch(return(expr), name, parentenv, handler) :
no font could be found for family "Arial"
Warning in doTryCatch(return(expr), name, parentenv, handler) :
no font could be found for family "Arial"
Warning in doTryCatch(return(expr), name, parentenv, handler) :
no font could be found for family "Arial"
Warning in doTryCatch(return(expr), name, parentenv, handler) :
no font could be found for family "Arial"
Quitting from lines 101-102 (visuals_demo.Rmd)
Error: processing vignette 'visuals_demo.Rmd' failed with diagnostics:
polygon edge not found
--- failed re-building ‘visuals_demo.Rmd’
--- re-building ‘Tutorial.Rnw’ using Sweave
--- finished re-building ‘Tutorial.Rnw’
SUMMARY: processing the following file failed:
‘visuals_demo.Rmd’
Error: Vignette re-building failed.
Execution halted
Flavor: r-oldrel-macos-arm64