CRAN Package Check Results for Package mssm

Last updated on 2019-09-21 17:46:55 CEST.

Flavor Version Tinstall Tcheck Ttotal Status Flags
r-devel-linux-x86_64-debian-clang 0.1.2 300.97 53.72 354.69 OK
r-devel-linux-x86_64-debian-gcc 0.1.2 257.40 42.39 299.79 OK
r-devel-linux-x86_64-fedora-clang 0.1.2 581.14 NOTE
r-devel-linux-x86_64-fedora-gcc 0.1.2 634.55 OK
r-devel-windows-ix86+x86_64 0.1.2 858.00 224.00 1082.00 NOTE
r-patched-linux-x86_64 0.1.2 285.32 55.61 340.93 OK
r-patched-solaris-x86 0.1.2 477.40 OK
r-release-linux-x86_64 0.1.2 287.07 54.30 341.37 OK
r-release-windows-ix86+x86_64 0.1.2 619.00 186.00 805.00 NOTE
r-release-osx-x86_64 0.1.2 NOTE
r-oldrel-windows-ix86+x86_64 0.1.2 640.00 187.00 827.00 NOTE
r-oldrel-osx-x86_64 0.1.2 NOTE

Check Details

Version: 0.1.2
Check: installed package size
Result: NOTE
     installed size is 17.9Mb
     sub-directories of 1Mb or more:
     help 1.0Mb
     libs 16.8Mb
Flavors: r-devel-linux-x86_64-fedora-clang, r-devel-windows-ix86+x86_64, r-release-windows-ix86+x86_64, r-release-osx-x86_64, r-oldrel-windows-ix86+x86_64, r-oldrel-osx-x86_64