CRAN Package Check Results for Package mssm

Last updated on 2020-06-01 06:48:30 CEST.

Flavor Version Tinstall Tcheck Ttotal Status Flags
r-devel-linux-x86_64-debian-clang 0.1.3 388.56 59.70 448.26 OK
r-devel-linux-x86_64-debian-gcc 0.1.3 302.26 45.83 348.09 OK
r-devel-linux-x86_64-fedora-clang 0.1.3 635.27 NOTE
r-devel-linux-x86_64-fedora-gcc 0.1.3 587.27 OK
r-devel-windows-ix86+x86_64 0.1.3 944.00 200.00 1144.00 NOTE
r-patched-linux-x86_64 0.1.3 312.06 60.36 372.42 OK
r-patched-solaris-x86 0.1.3 448.70 OK
r-release-linux-x86_64 0.1.3 309.15 61.62 370.77 OK
r-release-osx-x86_64 0.1.3 NOTE
r-release-windows-ix86+x86_64 0.1.3 777.00 226.00 1003.00 NOTE
r-oldrel-osx-x86_64 0.1.3 NOTE
r-oldrel-windows-ix86+x86_64 0.1.3 737.00 208.00 945.00 NOTE

Check Details

Version: 0.1.3
Check: installed package size
Result: NOTE
     installed size is 19.8Mb
     sub-directories of 1Mb or more:
     help 1.0Mb
     libs 18.7Mb
Flavors: r-devel-linux-x86_64-fedora-clang, r-devel-windows-ix86+x86_64, r-release-osx-x86_64, r-release-windows-ix86+x86_64, r-oldrel-osx-x86_64, r-oldrel-windows-ix86+x86_64