CRAN Package Check Results for Package msltrend

Last updated on 2023-01-27 16:49:24 CET.

Flavor Version Tinstall Tcheck Ttotal Status Flags
r-devel-linux-x86_64-debian-clang 1.0 11.17 89.68 100.85 NOTE
r-devel-linux-x86_64-debian-gcc 1.0 8.76 65.35 74.11 NOTE
r-devel-linux-x86_64-fedora-clang 1.0 122.47 NOTE
r-devel-linux-x86_64-fedora-gcc 1.0 119.43 NOTE
r-patched-linux-x86_64 1.0 9.69 84.71 94.40 NOTE
r-release-linux-x86_64 1.0 8.13 84.94 93.07 NOTE
r-release-macos-arm64 1.0 38.00 OK
r-release-macos-x86_64 1.0 59.00 OK
r-release-windows-x86_64 1.0 20.00 117.00 137.00 OK
r-oldrel-macos-arm64 1.0 37.00 OK
r-oldrel-macos-x86_64 1.0 60.00 OK
r-oldrel-windows-ix86+x86_64 1.0 25.00 112.00 137.00 OK

Check Details

Version: 1.0
Check: for non-standard things in the check directory
Result: NOTE
    Found the following files/directories:
     ‘Acceleration.pdf’ ‘File1.pdf’ ‘Forecast.pdf’ ‘Series.pdf’
     ‘Velocity.pdf’
Flavors: r-devel-linux-x86_64-debian-clang, r-devel-linux-x86_64-debian-gcc, r-devel-linux-x86_64-fedora-clang, r-devel-linux-x86_64-fedora-gcc, r-patched-linux-x86_64, r-release-linux-x86_64