CRAN Package Check Results for Package msgpackR

Last updated on 2024-02-23 04:02:06 CET.

Flavor Version Tinstall Tcheck Ttotal Status Flags
r-devel-linux-x86_64-debian-clang 1.1 NOTE
r-devel-linux-x86_64-debian-gcc 1.1 1.99 19.58 21.57 NOTE
r-devel-linux-x86_64-fedora-clang 1.1 34.99 NOTE
r-devel-linux-x86_64-fedora-gcc 1.1 33.85 NOTE
r-devel-windows-x86_64 1.1 3.00 43.00 46.00 OK
r-patched-linux-x86_64 1.1 3.15 24.71 27.86 NOTE
r-release-linux-x86_64 1.1 2.80 24.72 27.52 NOTE
r-release-macos-arm64 1.1 17.00 OK
r-release-macos-x86_64 1.1 21.00 OK
r-release-windows-x86_64 1.1 3.00 42.00 45.00 OK
r-oldrel-macos-arm64 1.1 18.00 OK
r-oldrel-windows-x86_64 1.1 6.00 51.00 57.00 OK

Check Details

Version: 1.1
Check: for non-standard things in the check directory
Result: NOTE Found the following files/directories: ‘test.txt’ Flavors: r-devel-linux-x86_64-debian-clang, r-devel-linux-x86_64-debian-gcc, r-devel-linux-x86_64-fedora-clang, r-devel-linux-x86_64-fedora-gcc, r-patched-linux-x86_64, r-release-linux-x86_64