Last updated on 2023-03-28 02:54:58 CEST.
Flavor | Version | Tinstall | Tcheck | Ttotal | Status | Flags |
---|---|---|---|---|---|---|
r-devel-linux-x86_64-debian-clang | 1.0.1 | 27.50 | 36.91 | 64.41 | NOTE | |
r-devel-linux-x86_64-debian-gcc | 1.0.1 | 23.39 | 30.67 | 54.06 | NOTE | |
r-devel-linux-x86_64-fedora-clang | 1.0.1 | 106.71 | NOTE | |||
r-devel-linux-x86_64-fedora-gcc | 1.0.1 | 111.17 | NOTE | |||
r-patched-linux-x86_64 | 1.0.1 | 28.54 | 34.92 | 63.46 | NOTE | |
r-release-linux-x86_64 | 1.0.1 | 25.72 | 36.03 | 61.75 | OK | |
r-release-macos-arm64 | 1.0.1 | 29.00 | OK | |||
r-release-macos-x86_64 | 1.0.1 | 42.00 | OK | |||
r-release-windows-x86_64 | 1.0.1 | 166.00 | 97.00 | 263.00 | OK | |
r-oldrel-macos-arm64 | 1.0.1 | 36.00 | OK | |||
r-oldrel-macos-x86_64 | 1.0.1 | 56.00 | OK | |||
r-oldrel-windows-ix86+x86_64 | 1.0.1 | 83.00 | 89.00 | 172.00 | OK |
Version: 1.0.1
Check: C++ specification
Result: NOTE
Specified C++11: please drop specification unless essential
Flavors: r-devel-linux-x86_64-debian-clang, r-devel-linux-x86_64-debian-gcc, r-devel-linux-x86_64-fedora-clang, r-devel-linux-x86_64-fedora-gcc, r-patched-linux-x86_64