Last updated on 2023-03-22 12:53:54 CET.
Flavor | Version | Tinstall | Tcheck | Ttotal | Status | Flags |
---|---|---|---|---|---|---|
r-devel-linux-x86_64-debian-clang | 3.1 | 10.69 | 143.97 | 154.66 | NOTE | |
r-devel-linux-x86_64-debian-gcc | 3.1 | 8.08 | 111.54 | 119.62 | NOTE | |
r-devel-linux-x86_64-fedora-clang | 3.1 | 190.68 | NOTE | |||
r-devel-linux-x86_64-fedora-gcc | 3.1 | 199.34 | NOTE | |||
r-patched-linux-x86_64 | 3.1 | 10.63 | 138.82 | 149.45 | NOTE | |
r-release-linux-x86_64 | 3.1 | 9.19 | 136.79 | 145.98 | NOTE | |
r-release-macos-arm64 | 3.1 | 56.00 | NOTE | |||
r-release-macos-x86_64 | 3.1 | 79.00 | NOTE | |||
r-release-windows-x86_64 | 3.1 | 27.00 | 179.00 | 206.00 | NOTE | |
r-oldrel-macos-arm64 | 3.1 | 73.00 | NOTE | |||
r-oldrel-macos-x86_64 | 3.1 | 133.00 | NOTE | |||
r-oldrel-windows-ix86+x86_64 | 3.1 | 21.00 | 172.00 | 193.00 | NOTE |
Version: 3.1
Check: LazyData
Result: NOTE
'LazyData' is specified without a 'data' directory
Flavors: r-devel-linux-x86_64-debian-clang, r-devel-linux-x86_64-debian-gcc, r-devel-linux-x86_64-fedora-clang, r-devel-linux-x86_64-fedora-gcc, r-patched-linux-x86_64, r-release-linux-x86_64, r-release-macos-arm64, r-release-macos-x86_64, r-release-windows-x86_64, r-oldrel-macos-arm64, r-oldrel-macos-x86_64, r-oldrel-windows-ix86+x86_64