CRAN Package Check Results for Package msaenet

Last updated on 2022-06-28 12:52:30 CEST.

Flavor Version Tinstall Tcheck Ttotal Status Flags
r-devel-linux-x86_64-debian-clang 3.1 9.49 140.44 149.93 NOTE
r-devel-linux-x86_64-debian-gcc 3.1 8.33 106.00 114.33 NOTE
r-devel-linux-x86_64-fedora-clang 3.1 186.10 NOTE
r-devel-linux-x86_64-fedora-gcc 3.1 189.86 NOTE
r-devel-windows-x86_64 3.1 22.00 166.00 188.00 NOTE
r-patched-linux-x86_64 3.1 8.26 137.27 145.53 NOTE
r-release-linux-x86_64 3.1 9.27 135.89 145.16 NOTE
r-release-macos-arm64 3.1 56.00 NOTE
r-release-macos-x86_64 3.1 79.00 NOTE
r-release-windows-x86_64 3.1 32.00 172.00 204.00 NOTE
r-oldrel-macos-arm64 3.1 73.00 NOTE
r-oldrel-macos-x86_64 3.1 133.00 NOTE
r-oldrel-windows-ix86+x86_64 3.1 21.00 174.00 195.00 NOTE

Check Details

Version: 3.1
Check: LazyData
Result: NOTE
     'LazyData' is specified without a 'data' directory
Flavors: r-devel-linux-x86_64-debian-clang, r-devel-linux-x86_64-debian-gcc, r-devel-linux-x86_64-fedora-clang, r-devel-linux-x86_64-fedora-gcc, r-devel-windows-x86_64, r-patched-linux-x86_64, r-release-linux-x86_64, r-release-macos-arm64, r-release-macos-x86_64, r-release-windows-x86_64, r-oldrel-macos-arm64, r-oldrel-macos-x86_64, r-oldrel-windows-ix86+x86_64