Last updated on 2023-06-06 13:59:45 CEST.
Flavor | Version | Tinstall | Tcheck | Ttotal | Status | Flags |
---|---|---|---|---|---|---|
r-devel-linux-x86_64-debian-clang | 0.6.0 | 4.32 | 45.90 | 50.22 | OK | |
r-devel-linux-x86_64-debian-gcc | 0.6.0 | 3.19 | 36.66 | 39.85 | OK | |
r-devel-linux-x86_64-fedora-clang | 0.6.0 | 62.95 | OK | |||
r-devel-linux-x86_64-fedora-gcc | 0.6.0 | 77.17 | OK | |||
r-devel-windows-x86_64 | 0.6.0 | 6.00 | 58.00 | 64.00 | OK | |
r-patched-linux-x86_64 | 0.6.0 | 3.73 | 44.56 | 48.29 | OK | |
r-release-linux-x86_64 | 0.6.0 | 2.63 | 44.49 | 47.12 | OK | |
r-release-macos-arm64 | 0.6.0 | 32.00 | OK | |||
r-release-macos-x86_64 | 0.6.0 | 42.00 | OK | |||
r-release-windows-x86_64 | 0.6.0 | 6.00 | 64.00 | 70.00 | OK | |
r-oldrel-macos-arm64 | 0.6.0 | 26.00 | NOTE | |||
r-oldrel-macos-x86_64 | 0.6.0 | 33.00 | OK | |||
r-oldrel-windows-x86_64 | 0.6.0 | 8.00 | 65.00 | 73.00 | OK |
Version: 0.6.0
Check: package dependencies
Result: NOTE
Package suggested but not available for checking: ‘Biostrings’
Flavor: r-oldrel-macos-arm64
Version: 0.6.0
Check: Rd cross-references
Result: NOTE
Package unavailable to check Rd xrefs: ‘Biostrings’
Flavor: r-oldrel-macos-arm64