CRAN Package Check Results for Package mrregression

Last updated on 2022-06-26 07:53:47 CEST.

Flavor Version Tinstall Tcheck Ttotal Status Flags
r-devel-linux-x86_64-debian-clang 1.0.0 2.71 34.07 36.78 OK
r-devel-linux-x86_64-debian-gcc 1.0.0 2.63 26.07 28.70 OK
r-devel-linux-x86_64-fedora-clang 1.0.0 56.23 NOTE
r-devel-linux-x86_64-fedora-gcc 1.0.0 55.00 OK
r-devel-windows-x86_64 1.0.0 44.00 58.00 102.00 OK
r-patched-linux-x86_64 1.0.0 3.47 32.50 35.97 OK
r-release-linux-x86_64 1.0.0 2.59 32.75 35.34 OK
r-release-macos-arm64 1.0.0 19.00 OK
r-release-macos-x86_64 1.0.0 26.00 OK
r-release-windows-x86_64 1.0.0 28.00 59.00 87.00 OK
r-oldrel-macos-arm64 1.0.0 22.00 OK
r-oldrel-macos-x86_64 1.0.0 33.00 OK
r-oldrel-windows-ix86+x86_64 1.0.0 8.00 61.00 69.00 OK

Check Details

Version: 1.0.0
Check: Rd cross-references
Result: NOTE
    Undeclared package ‘speedglm’ in Rd xrefs
Flavor: r-devel-linux-x86_64-fedora-clang