CRAN Package Check Results for Package mrregression

Last updated on 2024-06-13 08:53:42 CEST.

Flavor Version Tinstall Tcheck Ttotal Status Flags
r-devel-linux-x86_64-debian-clang 1.0.0 3.06 35.62 38.68 OK
r-devel-linux-x86_64-debian-gcc 1.0.0 2.77 27.13 29.90 NOTE
r-devel-linux-x86_64-fedora-clang 1.0.0 50.53 NOTE
r-devel-linux-x86_64-fedora-gcc 1.0.0 47.92 OK
r-devel-windows-x86_64 1.0.0 3.00 47.00 50.00 OK
r-patched-linux-x86_64 1.0.0 3.35 33.53 36.88 OK
r-release-linux-x86_64 1.0.0 2.90 35.08 37.98 OK
r-release-macos-arm64 1.0.0 19.00 OK
r-release-macos-x86_64 1.0.0 29.00 OK
r-release-windows-x86_64 1.0.0 3.00 52.00 55.00 OK
r-oldrel-macos-arm64 1.0.0 19.00 OK
r-oldrel-macos-x86_64 1.0.0 27.00 OK
r-oldrel-windows-x86_64 1.0.0 4.00 50.00 54.00 OK

Check Details

Version: 1.0.0
Check: package dependencies
Result: NOTE Package suggested but not available for checking: ‘testthat’ Package which this enhances but not available for checking: ‘rstan’ Flavor: r-devel-linux-x86_64-debian-gcc

Version: 1.0.0
Check: Rd cross-references
Result: NOTE Undeclared package ‘speedglm’ in Rd xrefs Flavor: r-devel-linux-x86_64-fedora-clang