CRAN Package Check Results for Package mrfDepth

Last updated on 2021-12-03 00:48:48 CET.

Flavor Version Tinstall Tcheck Ttotal Status Flags
r-devel-linux-x86_64-debian-clang 1.0.13 89.01 116.78 205.79 OK
r-devel-linux-x86_64-debian-gcc 1.0.13 60.69 95.60 156.29 OK
r-devel-linux-x86_64-fedora-clang 1.0.13 287.82 NOTE
r-devel-linux-x86_64-fedora-gcc 1.0.13 252.32 OK
r-devel-windows-x86_64-new-UL 1.0.13 125.00 211.00 336.00 OK
r-devel-windows-x86_64-new-TK 1.0.13 OK
r-devel-windows-x86_64-old 1.0.13 116.00 133.00 249.00 OK
r-patched-linux-x86_64 1.0.13 76.03 109.44 185.47 OK
r-patched-solaris-x86 1.0.13 265.10 OK
r-release-linux-x86_64 1.0.13 73.17 110.78 183.95 OK
r-release-macos-arm64 1.0.13 NOTE
r-release-macos-x86_64 1.0.13 NOTE
r-release-windows-ix86+x86_64 1.0.13 207.00 228.00 435.00 NOTE
r-oldrel-macos-x86_64 1.0.13 NOTE
r-oldrel-windows-ix86+x86_64 1.0.13 207.00 224.00 431.00 NOTE

Check Details

Version: 1.0.13
Check: installed package size
Result: NOTE
     installed size is 16.2Mb
     sub-directories of 1Mb or more:
     data 1.6Mb
     libs 14.2Mb
Flavors: r-devel-linux-x86_64-fedora-clang, r-release-macos-arm64, r-release-macos-x86_64, r-release-windows-ix86+x86_64, r-oldrel-macos-x86_64, r-oldrel-windows-ix86+x86_64