CRAN Package Check Results for Package mrf

Last updated on 2022-01-25 01:53:15 CET.

Flavor Version Tinstall Tcheck Ttotal Status Flags
r-devel-linux-x86_64-debian-clang 0.1.5 8.14 87.42 95.56 OK
r-devel-linux-x86_64-debian-gcc 0.1.5 5.87 65.93 71.80 OK
r-devel-linux-x86_64-fedora-clang 0.1.5 114.23 OK
r-devel-linux-x86_64-fedora-gcc 0.1.5 103.93 OK
r-devel-windows-x86_64-new-UL 0.1.5 42.00 111.00 153.00 OK
r-devel-windows-x86_64-new-TK 0.1.5 ERROR
r-patched-linux-x86_64 0.1.5 7.79 81.12 88.91 OK
r-release-linux-x86_64 0.1.5 4.90 80.34 85.24 OK
r-release-macos-arm64 0.1.5 OK
r-release-macos-x86_64 0.1.5 OK
r-release-windows-ix86+x86_64 0.1.5 19.00 103.00 122.00 OK
r-oldrel-macos-x86_64 0.1.5 OK
r-oldrel-windows-ix86+x86_64 0.1.5 19.00 99.00 118.00 OK

Check Details

Version: 0.1.5
Check: package dependencies
Result: ERROR
    Package required but not available: 'nnfor'
    
    See section 'The DESCRIPTION file' in the 'Writing R Extensions'
    manual.
Flavor: r-devel-windows-x86_64-new-TK