CRAN Package Check Results for Package mratios

Last updated on 2024-02-29 15:53:51 CET.

Flavor Version Tinstall Tcheck Ttotal Status Flags
r-devel-linux-x86_64-debian-clang 1.4.2 11.98 113.77 125.75 NOTE
r-devel-linux-x86_64-debian-gcc 1.4.2 9.20 83.22 92.42 NOTE
r-devel-linux-x86_64-fedora-clang 1.4.2 152.30 NOTE
r-devel-linux-x86_64-fedora-gcc 1.4.2 146.69 NOTE
r-devel-windows-x86_64 1.4.2 10.00 103.00 113.00 OK
r-patched-linux-x86_64 1.4.2 12.94 111.98 124.92 OK
r-release-linux-x86_64 1.4.2 12.79 111.58 124.37 OK
r-release-macos-arm64 1.4.2 45.00 OK
r-release-macos-x86_64 1.4.2 76.00 OK
r-release-windows-x86_64 1.4.2 13.00 125.00 138.00 OK
r-oldrel-macos-arm64 1.4.2 43.00 OK
r-oldrel-windows-x86_64 1.4.2 14.00 124.00 138.00 OK

Check Details

Version: 1.4.2
Check: Rd files
Result: NOTE checkRd: (-1) sci.ratioVH.Rd:25: Lost braces in \itemize; meant \describe ? checkRd: (-1) sci.ratioVH.Rd:26: Lost braces in \itemize; meant \describe ? checkRd: (-1) sci.ratioVH.Rd:27: Lost braces in \itemize; meant \describe ? checkRd: (-1) sci.ratioVH.Rd:28: Lost braces in \itemize; meant \describe ? checkRd: (-1) sci.ratioVH.Rd:29: Lost braces in \itemize; meant \describe ? checkRd: (-1) sci.ratioVH.Rd:30: Lost braces in \itemize; meant \describe ? checkRd: (-1) sci.ratioVH.Rd:31: Lost braces in \itemize; meant \describe ? checkRd: (-1) sci.ratioVH.Rd:32: Lost braces in \itemize; meant \describe ? checkRd: (-1) sci.ratioVH.Rd:40: Lost braces in \itemize; meant \describe ? checkRd: (-1) sci.ratioVH.Rd:41: Lost braces in \itemize; meant \describe ? checkRd: (-1) sci.ratioVH.Rd:42: Lost braces in \itemize; meant \describe ? checkRd: (-1) sci.ratioVH.Rd:43: Lost braces in \itemize; meant \describe ? checkRd: (-1) sci.ratioVH.Rd:50: Lost braces in \itemize; meant \describe ? checkRd: (-1) sci.ratioVH.Rd:51: Lost braces in \itemize; meant \describe ? checkRd: (-1) sci.ratioVH.Rd:52: Lost braces in \itemize; meant \describe ? checkRd: (-1) simtest.ratioVH.Rd:23: Lost braces in \itemize; meant \describe ? checkRd: (-1) simtest.ratioVH.Rd:24: Lost braces in \itemize; meant \describe ? checkRd: (-1) simtest.ratioVH.Rd:25: Lost braces in \itemize; meant \describe ? checkRd: (-1) simtest.ratioVH.Rd:26: Lost braces in \itemize; meant \describe ? checkRd: (-1) simtest.ratioVH.Rd:27: Lost braces in \itemize; meant \describe ? checkRd: (-1) simtest.ratioVH.Rd:28: Lost braces in \itemize; meant \describe ? checkRd: (-1) simtest.ratioVH.Rd:29: Lost braces in \itemize; meant \describe ? checkRd: (-1) simtest.ratioVH.Rd:30: Lost braces in \itemize; meant \describe ? checkRd: (-1) simtest.ratioVH.Rd:37: Lost braces in \itemize; meant \describe ? checkRd: (-1) simtest.ratioVH.Rd:38: Lost braces in \itemize; meant \describe ? checkRd: (-1) simtest.ratioVH.Rd:39: Lost braces in \itemize; meant \describe ? Flavors: r-devel-linux-x86_64-debian-clang, r-devel-linux-x86_64-debian-gcc, r-devel-linux-x86_64-fedora-clang, r-devel-linux-x86_64-fedora-gcc