CRAN Package Check Results for Package mrMLM.GUI

Last updated on 2019-09-22 19:51:25 CEST.

Flavor Version Tinstall Tcheck Ttotal Status Flags
r-devel-linux-x86_64-debian-clang 3.2 20.68 133.12 153.80 OK
r-devel-linux-x86_64-debian-gcc 3.2 18.14 103.08 121.22 OK
r-devel-linux-x86_64-fedora-clang 3.2 183.40 OK
r-devel-linux-x86_64-fedora-gcc 3.2 209.58 OK
r-devel-windows-ix86+x86_64 3.2 57.00 133.00 190.00 OK
r-patched-linux-x86_64 3.2 20.13 129.06 149.19 OK
r-patched-solaris-x86 3.2 253.00 NOTE
r-release-linux-x86_64 3.2 18.61 128.77 147.38 OK
r-release-windows-ix86+x86_64 3.2 65.00 185.00 250.00 OK
r-release-osx-x86_64 3.2 OK
r-oldrel-windows-ix86+x86_64 3.2 25.00 119.00 144.00 OK
r-oldrel-osx-x86_64 3.2 OK

Check Details

Version: 3.2
Check: installed package size
Result: NOTE
     installed size is 5.2Mb
     sub-directories of 1Mb or more:
     extdata 3.8Mb
Flavor: r-patched-solaris-x86