CRAN Package Check Results for Package mrMLM.GUI

Last updated on 2020-06-01 06:48:30 CEST.

Flavor Version Tinstall Tcheck Ttotal Status Flags
r-devel-linux-x86_64-debian-clang 4.0 24.06 158.56 182.62 OK
r-devel-linux-x86_64-debian-gcc 4.0 19.45 119.56 139.01 OK
r-devel-linux-x86_64-fedora-clang 4.0 219.46 OK
r-devel-linux-x86_64-fedora-gcc 4.0 213.46 OK
r-devel-windows-ix86+x86_64 4.0 61.00 235.00 296.00 OK
r-patched-linux-x86_64 4.0 23.69 154.49 178.18 OK
r-patched-solaris-x86 4.0 376.20 NOTE
r-release-linux-x86_64 4.0 23.29 158.44 181.73 OK
r-release-osx-x86_64 4.0 OK
r-release-windows-ix86+x86_64 4.0 42.00 252.00 294.00 OK
r-oldrel-osx-x86_64 4.0 OK
r-oldrel-windows-ix86+x86_64 4.0 41.00 181.00 222.00 OK

Check Details

Version: 4.0
Check: installed package size
Result: NOTE
     installed size is 5.4Mb
     sub-directories of 1Mb or more:
     extdata 3.8Mb
Flavor: r-patched-solaris-x86