CRAN Package Check Results for Package mrMLM.GUI

Last updated on 2024-06-17 08:51:13 CEST.

Flavor Version Tinstall Tcheck Ttotal Status Flags
r-devel-linux-x86_64-debian-clang 4.0.2 47.91 164.16 212.07 OK
r-devel-linux-x86_64-debian-gcc 4.0.2 38.18 120.49 158.67 OK
r-devel-linux-x86_64-fedora-clang 4.0.2 279.31 OK
r-devel-linux-x86_64-fedora-gcc 4.0.2 261.29 OK
r-devel-windows-x86_64 4.0.2 42.00 156.00 198.00 OK
r-patched-linux-x86_64 4.0.2 50.16 153.28 203.44 OK
r-release-linux-x86_64 4.0.2 48.78 154.32 203.10 OK
r-release-macos-arm64 4.0.2 76.00 NOTE
r-release-macos-x86_64 4.0.2 122.00 NOTE
r-release-windows-x86_64 4.0.2 44.00 164.00 208.00 OK
r-oldrel-macos-arm64 4.0.2 87.00 OK
r-oldrel-macos-x86_64 4.0.2 137.00 OK
r-oldrel-windows-x86_64 4.0.2 57.00 212.00 269.00 OK

Check Details

Version: 4.0.2
Check: installed package size
Result: NOTE installed size is 5.2Mb sub-directories of 1Mb or more: extdata 1.7Mb libs 2.3Mb Flavors: r-release-macos-arm64, r-release-macos-x86_64