CRAN Package Check Results for Package mpmi

Last updated on 2021-08-05 12:57:17 CEST.

Flavor Version Tinstall Tcheck Ttotal Status Flags
r-devel-linux-x86_64-debian-clang 0.43.1 4.03 33.03 37.06 OK
r-devel-linux-x86_64-debian-gcc 0.43.1 3.53 25.05 28.58 OK
r-devel-linux-x86_64-fedora-clang 0.43.1 53.80 NOTE
r-devel-linux-x86_64-fedora-gcc 0.43.1 43.02 NOTE
r-devel-windows-x86_64 0.43.1 6.00 8.00 14.00 ERROR
r-devel-windows-x86_64-gcc10-UCRT 0.43.1 OK
r-patched-linux-x86_64 0.43.1 4.53 30.74 35.27 NOTE
r-patched-solaris-x86 0.43.1 72.90 OK
r-release-linux-x86_64 0.43.1 3.94 31.11 35.05 NOTE
r-release-macos-arm64 0.43.1 OK
r-release-macos-x86_64 0.43.1 OK
r-release-windows-ix86+x86_64 0.43.1 6.00 6.00 12.00 ERROR
r-oldrel-macos-x86_64 0.43.1 OK
r-oldrel-windows-ix86+x86_64 0.43.1 5.00 7.00 12.00 ERROR

Check Details

Version: 0.43.1
Check: compiled code
Result: NOTE
    File ‘mpmi/libs/mpmi.so’:
     Found no calls to: ‘R_registerRoutines’, ‘R_useDynamicSymbols’
    
    It is good practice to register native routines and to disable symbol
    search.
    
    See ‘Writing portable packages’ in the ‘Writing R Extensions’ manual.
Flavors: r-devel-linux-x86_64-fedora-clang, r-devel-linux-x86_64-fedora-gcc

Version: 0.43.1
Check: whether package can be installed
Result: ERROR
    Installation failed.
Flavors: r-devel-windows-x86_64, r-release-windows-ix86+x86_64, r-oldrel-windows-ix86+x86_64

Version: 0.43.1
Check: DESCRIPTION meta-information
Result: NOTE
    Dependence on R version ‘3.6.2’ not with patchlevel 0
Flavors: r-patched-linux-x86_64, r-release-linux-x86_64