CRAN Package Check Results for Package motoRneuron

Last updated on 2021-09-19 11:50:06 CEST.

Flavor Version Tinstall Tcheck Ttotal Status Flags
r-devel-linux-x86_64-debian-clang 1.0.0 5.58 60.21 65.79 OK
r-devel-linux-x86_64-debian-gcc 1.0.0 3.86 44.50 48.36 OK
r-devel-linux-x86_64-fedora-clang 1.0.0 83.50 OK
r-devel-linux-x86_64-fedora-gcc 1.0.0 75.32 OK
r-devel-windows-x86_64 1.0.0 8.00 79.00 87.00 OK
r-devel-windows-x86_64-gcc10-UCRT 1.0.0 ERROR
r-patched-linux-x86_64 1.0.0 5.89 54.67 60.56 OK
r-patched-solaris-x86 1.0.0 105.70 OK
r-release-linux-x86_64 1.0.0 4.85 55.22 60.07 OK
r-release-macos-arm64 1.0.0 OK
r-release-macos-x86_64 1.0.0 OK
r-release-windows-ix86+x86_64 1.0.0 14.00 54.00 68.00 OK
r-oldrel-macos-x86_64 1.0.0 OK
r-oldrel-windows-ix86+x86_64 1.0.0 15.00 54.00 69.00 OK

Check Details

Version: 1.0.0
Check: whether package can be installed
Result: WARN
    Found the following significant warnings:
     WARNING: installation-time patches will not be applied, could not get the patches index
Flavor: r-devel-windows-x86_64-gcc10-UCRT

Version: 1.0.0
Check: PDF version of manual
Result: WARN
    LaTeX errors when creating PDF version.
    This typically indicates Rd problems.
Flavor: r-devel-windows-x86_64-gcc10-UCRT

Version: 1.0.0
Check: PDF version of manual without hyperrefs or index
Result: ERROR
    Re-running with no redirection of stdout/stderr.
Flavor: r-devel-windows-x86_64-gcc10-UCRT