CRAN Package Check Results for Package mosaicModel

Last updated on 2022-06-30 01:49:13 CEST.

Flavor Version Tinstall Tcheck Ttotal Status Flags
r-devel-linux-x86_64-debian-clang 0.3.0 9.67 103.40 113.07 OK
r-devel-linux-x86_64-debian-gcc 0.3.0 5.90 75.09 80.99 OK
r-devel-linux-x86_64-fedora-clang 0.3.0 142.63 NOTE
r-devel-linux-x86_64-fedora-gcc 0.3.0 136.16 NOTE
r-devel-windows-x86_64 0.3.0 57.00 142.00 199.00 OK
r-patched-linux-x86_64 0.3.0 8.38 95.38 103.76 OK
r-release-linux-x86_64 0.3.0 7.03 95.04 102.07 OK
r-release-macos-arm64 0.3.0 45.00 NOTE
r-release-macos-x86_64 0.3.0 71.00 NOTE
r-release-windows-x86_64 0.3.0 48.00 131.00 179.00 OK
r-oldrel-macos-arm64 0.3.0 55.00 NOTE
r-oldrel-macos-x86_64 0.3.0 66.00 NOTE
r-oldrel-windows-ix86+x86_64 0.3.0 22.00 131.00 153.00 OK

Check Details

Version: 0.3.0
Check: dependencies in R code
Result: NOTE
    Namespaces in Imports field not imported from:
     ‘MASS’ ‘caret’ ‘ggformula’ ‘knitr’ ‘testthat’ ‘tidyverse’
     All declared Imports should be used.
Flavors: r-devel-linux-x86_64-fedora-clang, r-devel-linux-x86_64-fedora-gcc, r-release-macos-arm64, r-release-macos-x86_64, r-oldrel-macos-arm64, r-oldrel-macos-x86_64