CRAN Package Check Results for Package mosaic

Last updated on 2020-10-26 08:49:31 CET.

Flavor Version Tinstall Tcheck Ttotal Status Flags
r-devel-linux-x86_64-debian-clang 1.8.2 27.36 502.10 529.46 OK
r-devel-linux-x86_64-debian-gcc 1.8.2 24.69 358.46 383.15 OK
r-devel-linux-x86_64-fedora-clang 1.8.2 597.82 NOTE
r-devel-linux-x86_64-fedora-gcc 1.8.2 594.12 NOTE
r-devel-windows-ix86+x86_64 1.8.2 53.00 578.00 631.00 OK
r-patched-linux-x86_64 1.8.2 23.06 454.82 477.88 OK
r-patched-solaris-x86 1.8.2 736.10 NOTE
r-release-linux-x86_64 1.8.2 26.80 462.06 488.86 OK
r-release-macos-x86_64 1.8.2 NOTE
r-release-windows-ix86+x86_64 1.8.2 39.00 386.00 425.00 OK
r-oldrel-macos-x86_64 1.8.2 NOTE
r-oldrel-windows-ix86+x86_64 1.8.2 53.00 572.00 625.00 OK

Check Details

Version: 1.8.2
Check: dependencies in R code
Result: NOTE
    Namespaces in Imports field not imported from:
     ‘ggridges’ ‘ggstance’
     All declared Imports should be used.
Flavors: r-devel-linux-x86_64-fedora-clang, r-devel-linux-x86_64-fedora-gcc, r-patched-solaris-x86, r-release-macos-x86_64, r-oldrel-macos-x86_64

Version: 1.8.2
Check: Rd cross-references
Result: NOTE
    Undeclared package ‘cubature’ in Rd xrefs
Flavor: r-devel-linux-x86_64-fedora-clang