CRAN Package Check Results for Package morphomap

Last updated on 2020-06-03 07:51:19 CEST.

Flavor Version Tinstall Tcheck Ttotal Status Flags
r-devel-linux-x86_64-debian-clang 1.1 21.10 163.39 184.49 OK
r-devel-linux-x86_64-debian-gcc 1.1 16.43 128.03 144.46 OK
r-devel-linux-x86_64-fedora-clang 1.1 227.46 OK
r-devel-linux-x86_64-fedora-gcc 1.1 225.69 OK
r-devel-windows-ix86+x86_64 1.1 59.00 239.00 298.00 OK
r-patched-linux-x86_64 1.1 17.56 163.40 180.96 OK
r-patched-solaris-x86 1.1 333.60 OK
r-release-linux-x86_64 1.1 16.71 168.77 185.48 OK
r-release-osx-x86_64 1.1 OK
r-release-windows-ix86+x86_64 1.1 41.00 153.00 194.00 OK
r-oldrel-osx-x86_64 1.1 WARN
r-oldrel-windows-ix86+x86_64 1.1 35.00 164.00 199.00 OK

Check Details

Version: 1.1
Check: whether package can be installed
Result: WARN
    Found the following significant warnings:
     Warning: 'rgl_init' failed, running with rgl.useNULL = TRUE
Flavor: r-oldrel-osx-x86_64

Version: 1.1
Check: dependencies in R code
Result: NOTE
    No protocol specified
Flavor: r-oldrel-osx-x86_64

Version: 1.1
Check: S3 generic/method consistency
Result: WARN
    No protocol specified
    See section ‘Generic functions and methods’ in the ‘Writing R
    Extensions’ manual.
Flavor: r-oldrel-osx-x86_64

Version: 1.1
Check: replacement functions
Result: WARN
    No protocol specified
    The argument of a replacement function which corresponds to the right
    hand side must be named ‘value’.
Flavor: r-oldrel-osx-x86_64

Version: 1.1
Check: foreign function calls
Result: NOTE
    No protocol specified
    See chapter ‘System and foreign language interfaces’ in the ‘Writing R
    Extensions’ manual.
Flavor: r-oldrel-osx-x86_64

Version: 1.1
Check: R code for possible problems
Result: NOTE
    No protocol specified
Flavor: r-oldrel-osx-x86_64

Version: 1.1
Check: for missing documentation entries
Result: WARN
    No protocol specified
    All user-level objects in a package should have documentation entries.
    See chapter ‘Writing R documentation files’ in the ‘Writing R
    Extensions’ manual.
Flavor: r-oldrel-osx-x86_64

Version: 1.1
Check: for code/documentation mismatches
Result: WARN
    No protocol specified
    No protocol specified
    No protocol specified
Flavor: r-oldrel-osx-x86_64

Version: 1.1
Check: Rd \usage sections
Result: NOTE
    No protocol specified
    The \usage entries for S3 methods should use the \method markup and not
    their full name.
    See chapter ‘Writing R documentation files’ in the ‘Writing R
    Extensions’ manual.
Flavor: r-oldrel-osx-x86_64