CRAN Package Check Results for Package mopac

Last updated on 2021-08-05 10:51:59 CEST.

Flavor Version Tinstall Tcheck Ttotal Status Flags
r-devel-linux-x86_64-debian-clang 0.1.0 1.97 20.17 22.14 OK
r-devel-linux-x86_64-debian-gcc 0.1.0 1.72 16.49 18.21 OK
r-devel-linux-x86_64-fedora-clang 0.1.0 37.03 NOTE
r-devel-linux-x86_64-fedora-gcc 0.1.0 25.77 NOTE
r-devel-windows-x86_64 0.1.0 5.00 36.00 41.00 OK
r-devel-windows-x86_64-gcc10-UCRT 0.1.0 NOTE
r-patched-linux-x86_64 0.1.0 1.83 19.70 21.53 OK
r-patched-solaris-x86 0.1.0 42.20 NOTE
r-release-linux-x86_64 0.1.0 1.97 19.74 21.71 OK
r-release-macos-arm64 0.1.0 NOTE
r-release-macos-x86_64 0.1.0 NOTE
r-release-windows-ix86+x86_64 0.1.0 5.00 35.00 40.00 OK
r-oldrel-macos-x86_64 0.1.0 NOTE
r-oldrel-windows-ix86+x86_64 0.1.0 4.00 35.00 39.00 OK

Check Details

Version: 0.1.0
Check: data for non-ASCII characters
Result: NOTE
     Note: found 13 marked UTF-8 strings
Flavors: r-devel-linux-x86_64-fedora-clang, r-devel-linux-x86_64-fedora-gcc, r-devel-windows-x86_64-gcc10-UCRT, r-patched-solaris-x86, r-release-macos-arm64, r-release-macos-x86_64, r-oldrel-macos-x86_64

Version: 0.1.0
Check: package dependencies
Result: NOTE
    Packages suggested but not available for checking:
     'dplyr', 'tibble', 'readr'
Flavor: r-devel-windows-x86_64-gcc10-UCRT