Last updated on 2022-05-19 05:51:58 CEST.
Flavor | Version | Tinstall | Tcheck | Ttotal | Status | Flags |
---|---|---|---|---|---|---|
r-devel-linux-x86_64-debian-clang | 0.2.1 | 4.25 | 47.45 | 51.70 | NOTE | |
r-devel-linux-x86_64-debian-gcc | 0.2.1 | 4.32 | 37.02 | 41.34 | NOTE | |
r-devel-linux-x86_64-fedora-clang | 0.2.2 | 41.73 | NOTE | |||
r-devel-linux-x86_64-fedora-gcc | 0.2.2 | 61.94 | OK | |||
r-devel-windows-x86_64 | 0.2.1 | 26.00 | 66.00 | 92.00 | NOTE | |
r-patched-linux-x86_64 | 0.2.1 | 4.94 | 45.82 | 50.76 | NOTE | |
r-release-linux-x86_64 | 0.2.1 | 3.90 | 46.32 | 50.22 | NOTE | |
r-release-macos-arm64 | 0.2.2 | 22.00 | NOTE | |||
r-release-macos-x86_64 | 0.2.1 | 45.00 | NOTE | |||
r-release-windows-x86_64 | 0.2.1 | 30.00 | 66.00 | 96.00 | NOTE | |
r-oldrel-macos-arm64 | 0.2.2 | 21.00 | NOTE | |||
r-oldrel-macos-x86_64 | 0.2.1 | 43.00 | NOTE | |||
r-oldrel-windows-ix86+x86_64 | 0.2.1 | 13.00 | 60.00 | 73.00 | NOTE |
Version: 0.2.1
Check: LazyData
Result: NOTE
'LazyData' is specified without a 'data' directory
Flavors: r-devel-linux-x86_64-debian-clang, r-devel-linux-x86_64-debian-gcc, r-devel-windows-x86_64, r-patched-linux-x86_64, r-release-linux-x86_64, r-release-macos-x86_64, r-release-windows-x86_64, r-oldrel-macos-x86_64, r-oldrel-windows-ix86+x86_64
Version: 0.2.2
Check: installed package size
Result: NOTE
installed size is 14.9Mb
sub-directories of 1Mb or more:
htmlwidgets 14.7Mb
Flavors: r-devel-linux-x86_64-fedora-clang, r-release-macos-arm64, r-oldrel-macos-arm64
Version: 0.2.1
Check: installed package size
Result: NOTE
installed size is 14.7Mb
sub-directories of 1Mb or more:
htmlwidgets 14.7Mb
Flavors: r-devel-windows-x86_64, r-release-macos-x86_64, r-release-windows-x86_64, r-oldrel-macos-x86_64, r-oldrel-windows-ix86+x86_64