Last updated on 2025-01-24 12:48:49 CET.
Flavor | Version | Tinstall | Tcheck | Ttotal | Status | Flags |
---|---|---|---|---|---|---|
r-devel-linux-x86_64-debian-clang | 1.0.6 | 70.44 | 670.58 | 741.02 | NOTE | |
r-devel-linux-x86_64-debian-gcc | 1.0.6 | 50.27 | 629.49 | 679.76 | NOTE | |
r-devel-linux-x86_64-fedora-clang | 1.0.6 | 1270.74 | OK | |||
r-devel-linux-x86_64-fedora-gcc | 1.0.6 | 1835.09 | OK | |||
r-devel-windows-x86_64 | 1.0.6 | 66.00 | 368.00 | 434.00 | OK | |
r-patched-linux-x86_64 | 1.0.6 | 67.73 | 886.29 | 954.02 | OK | |
r-release-linux-x86_64 | 1.0.6 | 60.87 | 877.79 | 938.66 | OK | |
r-release-macos-arm64 | 1.0.5 | 271.00 | NOTE | |||
r-release-macos-x86_64 | 1.0.6 | 585.00 | NOTE | |||
r-release-windows-x86_64 | 1.0.6 | 66.00 | 385.00 | 451.00 | OK | |
r-oldrel-macos-arm64 | 1.0.5 | 253.00 | NOTE | |||
r-oldrel-macos-x86_64 | 1.0.5 | 465.00 | NOTE | |||
r-oldrel-windows-x86_64 | 1.0.6 | 65.00 | 406.00 | 471.00 | OK |
Version: 1.0.6
Check: DESCRIPTION meta-information
Result: NOTE
Missing dependency on R >= 4.1.0 because package code uses the pipe
|> or function shorthand \(...) syntax added in R 4.1.0.
File(s) using such syntax:
‘constraints_pi_ca.R’ ‘construct_matrices_da.R’ ‘cov_model.R’
‘equations_lms.R’ ‘generics_modsem_da.R’ ‘labelled_params_da.R’
‘modsem_mplus.R’ ‘modsem_pi.R’ ‘parser.R’ ‘plot_interaction.R’
‘quadrature.R’ ‘residual_cov_pi.R’ ‘tokenizer.R’
‘trace_paths_wright.R’ ‘utils.R’ ‘utils_da.R’ ‘utils_pi.R’
Flavors: r-devel-linux-x86_64-debian-clang, r-devel-linux-x86_64-debian-gcc
Version: 1.0.5
Check: installed package size
Result: NOTE
installed size is 6.3Mb
sub-directories of 1Mb or more:
libs 4.4Mb
Flavors: r-release-macos-arm64, r-oldrel-macos-arm64, r-oldrel-macos-x86_64
Version: 1.0.6
Check: installed package size
Result: NOTE
installed size is 6.5Mb
sub-directories of 1Mb or more:
libs 4.6Mb
Flavor: r-release-macos-x86_64