Last updated on 2022-06-26 05:52:31 CEST.
Flavor | Version | Tinstall | Tcheck | Ttotal | Status | Flags |
---|---|---|---|---|---|---|
r-devel-linux-x86_64-debian-clang | 0.5.4 | 12.77 | 113.55 | 126.32 | OK | |
r-devel-linux-x86_64-debian-gcc | 0.5.4 | 9.52 | 83.12 | 92.64 | OK | |
r-devel-linux-x86_64-fedora-clang | 0.5.4 | 157.44 | NOTE | |||
r-devel-linux-x86_64-fedora-gcc | 0.5.4 | 152.80 | NOTE | |||
r-devel-windows-x86_64 | 0.5.4 | 116.00 | 177.00 | 293.00 | OK | |
r-patched-linux-x86_64 | 0.5.4 | 11.15 | 107.20 | 118.35 | OK | |
r-release-linux-x86_64 | 0.5.4 | 7.61 | 106.79 | 114.40 | OK | |
r-release-macos-arm64 | 0.5.4 | 49.00 | NOTE | |||
r-release-macos-x86_64 | 0.5.4 | 71.00 | NOTE | |||
r-release-windows-x86_64 | 0.5.4 | 104.00 | 185.00 | 289.00 | OK | |
r-oldrel-macos-arm64 | 0.5.4 | 51.00 | NOTE | |||
r-oldrel-macos-x86_64 | 0.5.4 | 67.00 | NOTE | |||
r-oldrel-windows-ix86+x86_64 | 0.5.4 | 25.00 | 145.00 | 170.00 | OK |
Version: 0.5.4
Check: data for non-ASCII characters
Result: NOTE
Note: found 5238 marked UTF-8 strings
Flavors: r-devel-linux-x86_64-fedora-clang, r-devel-linux-x86_64-fedora-gcc, r-release-macos-arm64, r-release-macos-x86_64, r-oldrel-macos-arm64, r-oldrel-macos-x86_64