CRAN Package Check Results for Package modelwordcloud

Last updated on 2024-05-27 07:49:28 CEST.

Flavor Version Tinstall Tcheck Ttotal Status Flags
r-devel-linux-x86_64-debian-clang 0.1 2.13 25.68 27.81 NOTE
r-devel-linux-x86_64-debian-gcc 0.1 1.51 20.11 21.62 NOTE
r-devel-linux-x86_64-fedora-clang 0.1 36.11 NOTE
r-devel-linux-x86_64-fedora-gcc 0.1 32.77 NOTE
r-devel-windows-x86_64 0.1 3.00 40.00 43.00 NOTE
r-patched-linux-x86_64 0.1 1.61 24.95 26.56 NOTE
r-release-linux-x86_64 0.1 1.76 24.70 26.46 NOTE
r-release-macos-arm64 0.1 15.00 NOTE
r-release-windows-x86_64 0.1 3.00 41.00 44.00 NOTE
r-oldrel-macos-arm64 0.1 17.00 NOTE
r-oldrel-macos-x86_64 0.1 21.00 NOTE
r-oldrel-windows-x86_64 0.1 3.00 43.00 46.00 NOTE

Check Details

Version: 0.1
Check: LazyData
Result: NOTE 'LazyData' is specified without a 'data' directory Flavors: r-devel-linux-x86_64-debian-clang, r-devel-linux-x86_64-debian-gcc, r-devel-linux-x86_64-fedora-clang, r-devel-linux-x86_64-fedora-gcc, r-devel-windows-x86_64, r-patched-linux-x86_64, r-release-linux-x86_64, r-release-macos-arm64, r-release-windows-x86_64, r-oldrel-macos-arm64, r-oldrel-macos-x86_64, r-oldrel-windows-x86_64

Version: 0.1
Check: dependencies in R code
Result: NOTE Namespace in Imports field not imported from: ‘methods’ All declared Imports should be used. Flavors: r-devel-linux-x86_64-fedora-clang, r-devel-linux-x86_64-fedora-gcc