CRAN Package Check Results for Package modelwordcloud

Last updated on 2023-06-06 21:00:58 CEST.

Flavor Version Tinstall Tcheck Ttotal Status Flags
r-devel-linux-x86_64-debian-clang 0.1 1.52 24.51 26.03 NOTE
r-devel-linux-x86_64-debian-gcc 0.1 1.58 19.54 21.12 NOTE
r-devel-linux-x86_64-fedora-clang 0.1 32.56 NOTE
r-devel-linux-x86_64-fedora-gcc 0.1 33.11 NOTE
r-devel-windows-x86_64 0.1 4.00 40.00 44.00 NOTE
r-patched-linux-x86_64 0.1 1.99 22.74 24.73 NOTE
r-release-linux-x86_64 0.1 1.94 22.71 24.65 NOTE
r-release-macos-arm64 0.1 17.00 NOTE
r-release-macos-x86_64 0.1 21.00 NOTE
r-release-windows-x86_64 0.1 4.00 39.00 43.00 NOTE
r-oldrel-macos-arm64 0.1 19.00 NOTE
r-oldrel-macos-x86_64 0.1 21.00 NOTE
r-oldrel-windows-x86_64 0.1 4.00 43.00 47.00 NOTE

Check Details

Version: 0.1
Check: LazyData
Result: NOTE
     'LazyData' is specified without a 'data' directory
Flavors: r-devel-linux-x86_64-debian-clang, r-devel-linux-x86_64-debian-gcc, r-devel-linux-x86_64-fedora-clang, r-devel-linux-x86_64-fedora-gcc, r-devel-windows-x86_64, r-patched-linux-x86_64, r-release-linux-x86_64, r-release-macos-arm64, r-release-macos-x86_64, r-release-windows-x86_64, r-oldrel-macos-arm64, r-oldrel-macos-x86_64, r-oldrel-windows-x86_64

Version: 0.1
Check: dependencies in R code
Result: NOTE
    Namespace in Imports field not imported from: ‘methods’
     All declared Imports should be used.
Flavors: r-devel-linux-x86_64-fedora-clang, r-devel-linux-x86_64-fedora-gcc, r-oldrel-macos-x86_64