Last updated on 2023-11-29 12:56:54 CET.
Flavor | Version | Tinstall | Tcheck | Ttotal | Status | Flags |
---|---|---|---|---|---|---|
r-devel-linux-x86_64-debian-clang | 0.2.3 | 28.22 | 306.37 | 334.59 | OK | |
r-devel-linux-x86_64-debian-gcc | 0.2.3 | 23.01 | 232.27 | 255.28 | OK | |
r-devel-linux-x86_64-fedora-clang | 0.2.3 | 431.79 | NOTE | |||
r-devel-linux-x86_64-fedora-gcc | 0.2.3 | 407.86 | NOTE | |||
r-devel-windows-x86_64 | 0.2.3 | 23.00 | 219.00 | 242.00 | OK | |
r-patched-linux-x86_64 | 0.2.3 | 18.61 | 294.57 | 313.18 | OK | |
r-release-linux-x86_64 | 0.2.3 | 20.31 | 297.41 | 317.72 | OK | |
r-release-macos-arm64 | 0.2.3 | 86.00 | OK | |||
r-release-macos-x86_64 | 0.2.3 | 263.00 | OK | |||
r-release-windows-x86_64 | 0.2.3 | 33.00 | 294.00 | 327.00 | OK | |
r-oldrel-macos-arm64 | 0.2.3 | 85.00 | OK | |||
r-oldrel-macos-x86_64 | 0.2.3 | 154.00 | OK | |||
r-oldrel-windows-x86_64 | 0.2.3 | 31.00 | 294.00 | 325.00 | OK |
Version: 0.2.3
Check: package dependencies
Result: NOTE
Imports includes 24 non-default packages.
Importing from so many packages makes the package vulnerable to any of
them becoming unavailable. Move as many as possible to Suggests and
use conditionally.
Flavor: r-devel-linux-x86_64-fedora-clang
Version: 0.2.3
Check: dependencies in R code
Result: NOTE
Namespaces in Imports field not imported from:
‘crayon’ ‘dials’ ‘glue’ ‘parsnip’
All declared Imports should be used.
Flavors: r-devel-linux-x86_64-fedora-clang, r-devel-linux-x86_64-fedora-gcc