CRAN Package Check Results for Package modeltime.gluonts

Last updated on 2022-05-23 21:53:17 CEST.

Flavor Version Tinstall Tcheck Ttotal Status Flags
r-devel-linux-x86_64-debian-clang 0.1.0 28.84 291.30 320.14 NOTE
r-devel-linux-x86_64-debian-gcc 0.1.0 23.57 216.13 239.70 NOTE
r-devel-linux-x86_64-fedora-clang 0.1.0 385.11 NOTE
r-devel-linux-x86_64-fedora-gcc 0.1.0 352.78 NOTE
r-devel-windows-x86_64 0.1.0 162.00 296.00 458.00 NOTE
r-patched-linux-x86_64 0.1.0 31.77 274.31 306.08 NOTE
r-release-linux-x86_64 0.1.0 ERROR
r-release-macos-arm64 0.1.0 75.00 NOTE
r-release-macos-x86_64 0.1.0 150.00 NOTE
r-release-windows-x86_64 0.1.0 262.00 297.00 559.00 NOTE
r-oldrel-macos-arm64 0.1.0 72.00 NOTE
r-oldrel-macos-x86_64 0.1.0 98.00 NOTE
r-oldrel-windows-ix86+x86_64 0.1.0 68.00 310.00 378.00 NOTE

Check Details

Version: 0.1.0
Check: LazyData
Result: NOTE
     'LazyData' is specified without a 'data' directory
Flavors: r-devel-linux-x86_64-debian-clang, r-devel-linux-x86_64-debian-gcc, r-devel-linux-x86_64-fedora-clang, r-devel-linux-x86_64-fedora-gcc, r-devel-windows-x86_64, r-patched-linux-x86_64, r-release-macos-arm64, r-release-macos-x86_64, r-release-windows-x86_64, r-oldrel-macos-arm64, r-oldrel-macos-x86_64, r-oldrel-windows-ix86+x86_64

Version: 0.1.0
Check: package dependencies
Result: ERROR
    Package required but not available: ‘modeltime’
    
    See section ‘The DESCRIPTION file’ in the ‘Writing R Extensions’
    manual.
Flavor: r-release-linux-x86_64