CRAN Package Check Results for Package modeltime.ensemble

Last updated on 2023-11-30 23:55:46 CET.

Flavor Version Tinstall Tcheck Ttotal Status Flags
r-devel-linux-x86_64-debian-clang 1.0.3 25.40 386.65 412.05 OK
r-devel-linux-x86_64-debian-gcc 1.0.3 19.90 284.85 304.75 OK
r-devel-linux-x86_64-fedora-clang 1.0.3 520.07 NOTE
r-devel-linux-x86_64-fedora-gcc 1.0.3 520.97 NOTE
r-devel-windows-x86_64 1.0.3 21.00 262.00 283.00 OK
r-patched-linux-x86_64 1.0.3 24.56 359.08 383.64 OK
r-release-linux-x86_64 1.0.3 18.49 362.80 381.29 OK
r-release-macos-arm64 1.0.3 110.00 OK
r-release-macos-x86_64 1.0.3 302.00 OK
r-release-windows-x86_64 1.0.3 29.00 355.00 384.00 OK
r-oldrel-macos-arm64 1.0.3 95.00 OK
r-oldrel-macos-x86_64 1.0.3 187.00 OK
r-oldrel-windows-x86_64 1.0.3 29.00 364.00 393.00 OK

Check Details

Version: 1.0.3
Check: dependencies in R code
Result: NOTE Namespace in Imports field not imported from: ‘parsnip’ All declared Imports should be used. Flavors: r-devel-linux-x86_64-fedora-clang, r-devel-linux-x86_64-fedora-gcc