CRAN Package Check Results for Package modeltime.ensemble

Last updated on 2022-01-27 11:51:27 CET.

Flavor Version Tinstall Tcheck Ttotal Status Flags
r-devel-linux-x86_64-debian-clang 1.0.0 20.18 411.56 431.74 OK
r-devel-linux-x86_64-debian-gcc 1.0.0 18.19 288.72 306.91 OK
r-devel-linux-x86_64-fedora-clang 1.0.0 576.45 NOTE
r-devel-linux-x86_64-fedora-gcc 1.0.0 700.60 NOTE
r-devel-windows-x86_64-new-UL 1.0.0 191.00 405.00 596.00 OK
r-devel-windows-x86_64-new-TK 1.0.0 NOTE
r-patched-linux-x86_64 1.0.0 28.04 374.73 402.77 OK
r-release-linux-x86_64 1.0.0 0.54 11.19 11.73 ERROR
r-release-macos-arm64 1.0.0 NOTE
r-release-macos-x86_64 1.0.0 NOTE
r-release-windows-ix86+x86_64 1.0.0 51.00 426.00 477.00 OK
r-oldrel-macos-x86_64 1.0.0 NOTE
r-oldrel-windows-ix86+x86_64 1.0.0 52.00 463.00 515.00 OK

Check Details

Version: 1.0.0
Check: dependencies in R code
Result: NOTE
    Namespace in Imports field not imported from: ‘parsnip’
     All declared Imports should be used.
Flavors: r-devel-linux-x86_64-fedora-clang, r-devel-linux-x86_64-fedora-gcc, r-devel-windows-x86_64-new-TK, r-release-macos-arm64, r-release-macos-x86_64, r-oldrel-macos-x86_64

Version: 1.0.0
Check: package dependencies
Result: ERROR
    Packages required but not available: 'modeltime', 'modeltime.resample'
    
    See section ‘The DESCRIPTION file’ in the ‘Writing R Extensions’
    manual.
Flavor: r-release-linux-x86_64