Last updated on 2023-01-27 17:50:20 CET.
Flavor | Version | Tinstall | Tcheck | Ttotal | Status | Flags |
---|---|---|---|---|---|---|
r-devel-linux-x86_64-debian-clang | 1.0.2 | 35.41 | 725.35 | 760.76 | OK | |
r-devel-linux-x86_64-debian-gcc | 1.0.2 | 27.90 | 510.91 | 538.81 | OK | |
r-devel-linux-x86_64-fedora-clang | 1.0.2 | 944.78 | NOTE | |||
r-devel-linux-x86_64-fedora-gcc | 1.0.2 | 899.14 | NOTE | |||
r-patched-linux-x86_64 | 1.0.2 | 34.22 | 653.87 | 688.09 | OK | |
r-release-linux-x86_64 | 1.0.2 | 33.47 | 614.74 | 648.21 | OK | |
r-release-macos-arm64 | 1.0.2 | 163.00 | NOTE | |||
r-release-macos-x86_64 | 1.0.2 | 257.00 | NOTE | |||
r-release-windows-x86_64 | 1.0.2 | 124.00 | 674.00 | 798.00 | OK | |
r-oldrel-macos-arm64 | 1.0.2 | 179.00 | NOTE | |||
r-oldrel-macos-x86_64 | 1.0.2 | 267.00 | NOTE | |||
r-oldrel-windows-ix86+x86_64 | 1.0.2 | 79.00 | 715.00 | 794.00 | OK |
Version: 1.0.2
Check: dependencies in R code
Result: NOTE
Namespace in Imports field not imported from: ‘parsnip’
All declared Imports should be used.
Flavors: r-devel-linux-x86_64-fedora-clang, r-devel-linux-x86_64-fedora-gcc, r-release-macos-arm64, r-release-macos-x86_64, r-oldrel-macos-arm64, r-oldrel-macos-x86_64