CRAN Package Check Results for Package modelr

Last updated on 2020-07-03 17:48:28 CEST.

Flavor Version Tinstall Tcheck Ttotal Status Flags
r-devel-linux-x86_64-debian-clang 0.1.8 5.74 57.66 63.40 OK
r-devel-linux-x86_64-debian-gcc 0.1.8 4.71 43.47 48.18 OK
r-devel-linux-x86_64-fedora-clang 0.1.8 83.98 NOTE
r-devel-linux-x86_64-fedora-gcc 0.1.8 74.09 OK
r-devel-windows-ix86+x86_64 0.1.8 21.00 74.00 95.00 OK
r-patched-linux-x86_64 0.1.8 6.18 56.77 62.95 OK
r-patched-solaris-x86 0.1.8 110.10 OK
r-release-linux-x86_64 0.1.8 4.98 55.87 60.85 OK
r-release-osx-x86_64 0.1.8 OK
r-release-windows-ix86+x86_64 0.1.8 13.00 108.00 121.00 OK
r-oldrel-osx-x86_64 0.1.8 OK
r-oldrel-windows-ix86+x86_64 0.1.8 17.00 92.00 109.00 OK

Check Details

Version: 0.1.8
Check: Rd cross-references
Result: NOTE
    Undeclared packages ‘lme4’, ‘rstanarm’, ‘dplyr’ in Rd xrefs
Flavor: r-devel-linux-x86_64-fedora-clang