CRAN Package Check Results for Package modelr

Last updated on 2024-02-24 01:51:32 CET.

Flavor Version Tinstall Tcheck Ttotal Status Flags
r-devel-linux-x86_64-debian-clang 0.1.11 5.79 56.03 61.82 OK
r-devel-linux-x86_64-debian-gcc 0.1.11 4.46 41.87 46.33 OK
r-devel-linux-x86_64-fedora-clang 0.1.11 74.35 NOTE
r-devel-linux-x86_64-fedora-gcc 0.1.11 71.03 OK
r-devel-windows-x86_64 0.1.11 6.00 63.00 69.00 OK
r-patched-linux-x86_64 0.1.11 4.00 53.49 57.49 OK
r-release-linux-x86_64 0.1.11 3.98 52.85 56.83 OK
r-release-macos-arm64 0.1.11 30.00 OK
r-release-macos-x86_64 0.1.11 39.00 OK
r-release-windows-x86_64 0.1.11 7.00 77.00 84.00 OK
r-oldrel-macos-arm64 0.1.11 26.00 OK
r-oldrel-windows-x86_64 0.1.11 8.00 81.00 89.00 OK

Check Details

Version: 0.1.11
Check: Rd cross-references
Result: NOTE Undeclared packages ‘lme4’, ‘rstanarm’, ‘dplyr’ in Rd xrefs Flavor: r-devel-linux-x86_64-fedora-clang