CRAN Package Check Results for Package modeldata

Last updated on 2021-10-17 06:49:43 CEST.

Flavor Version Tinstall Tcheck Ttotal Status Flags
r-devel-linux-x86_64-debian-clang 0.1.1 2.47 37.41 39.88 OK
r-devel-linux-x86_64-debian-gcc 0.1.1 1.90 31.03 32.93 OK
r-devel-linux-x86_64-fedora-clang 0.1.1 59.10 NOTE
r-devel-linux-x86_64-fedora-gcc 0.1.1 49.21 NOTE
r-devel-windows-x86_64 0.1.1 5.00 63.00 68.00 OK
r-devel-windows-x86_64-gcc10-UCRT 0.1.1 NOTE
r-patched-linux-x86_64 0.1.1 2.54 37.84 40.38 OK
r-patched-solaris-x86 0.1.1 85.60 NOTE
r-release-linux-x86_64 0.1.1 2.34 37.69 40.03 OK
r-release-macos-arm64 0.1.1 NOTE
r-release-macos-x86_64 0.1.1 NOTE
r-release-windows-ix86+x86_64 0.1.1 5.00 63.00 68.00 OK
r-oldrel-macos-x86_64 0.1.1 NOTE
r-oldrel-windows-ix86+x86_64 0.1.1 7.00 61.00 68.00 OK

Check Details

Version: 0.1.1
Check: data for non-ASCII characters
Result: NOTE
     Note: found 313 marked UTF-8 strings
Flavors: r-devel-linux-x86_64-fedora-clang, r-devel-linux-x86_64-fedora-gcc, r-devel-windows-x86_64-gcc10-UCRT, r-patched-solaris-x86, r-release-macos-arm64, r-release-macos-x86_64, r-oldrel-macos-x86_64

Version: 0.1.1
Check: installed package size
Result: NOTE
     installed size is 5.5Mb
     sub-directories of 1Mb or more:
     data 5.3Mb
Flavor: r-patched-solaris-x86