Last updated on 2023-06-07 10:58:42 CEST.
Flavor | Version | Tinstall | Tcheck | Ttotal | Status | Flags |
---|---|---|---|---|---|---|
r-devel-linux-x86_64-debian-clang | 1.1.0 | 19.58 | 54.81 | 74.39 | OK | |
r-devel-linux-x86_64-debian-gcc | 1.1.0 | 15.52 | 41.63 | 57.15 | OK | |
r-devel-linux-x86_64-fedora-clang | 1.1.0 | 94.75 | NOTE | |||
r-devel-linux-x86_64-fedora-gcc | 1.1.0 | 93.15 | NOTE | |||
r-devel-windows-x86_64 | 1.1.0 | 21.00 | 69.00 | 90.00 | OK | |
r-patched-linux-x86_64 | 1.1.0 | 19.13 | 51.00 | 70.13 | OK | |
r-release-linux-x86_64 | 1.1.0 | 19.87 | 52.05 | 71.92 | OK | |
r-release-macos-arm64 | 1.1.0 | 39.00 | OK | |||
r-release-macos-x86_64 | 1.1.0 | 55.00 | OK | |||
r-release-windows-x86_64 | 1.1.0 | 25.00 | 76.00 | 101.00 | OK | |
r-oldrel-macos-arm64 | 1.1.0 | 39.00 | OK | |||
r-oldrel-macos-x86_64 | 1.1.0 | 50.00 | OK | |||
r-oldrel-windows-x86_64 | 1.1.0 | 25.00 | 79.00 | 104.00 | OK |
Version: 1.1.0
Check: Rd cross-references
Result: NOTE
Undeclared package ‘caret’ in Rd xrefs
Flavor: r-devel-linux-x86_64-fedora-clang
Version: 1.1.0
Check: data for non-ASCII characters
Result: NOTE
Note: found 313 marked UTF-8 strings
Flavors: r-devel-linux-x86_64-fedora-clang, r-devel-linux-x86_64-fedora-gcc