CRAN Package Check Results for Package modeldata

Last updated on 2020-10-21 08:49:20 CEST.

Flavor Version Tinstall Tcheck Ttotal Status Flags
r-devel-linux-x86_64-debian-clang 0.0.2 2.81 35.51 38.32 OK
r-devel-linux-x86_64-debian-gcc 0.0.2 1.93 28.46 30.39 OK
r-devel-linux-x86_64-fedora-clang 0.0.2 56.27 NOTE
r-devel-linux-x86_64-fedora-gcc 0.0.2 46.39 NOTE
r-devel-windows-ix86+x86_64 0.0.2 6.00 62.00 68.00 OK
r-patched-linux-x86_64 0.0.2 2.63 34.52 37.15 OK
r-patched-solaris-x86 0.0.2 78.40 NOTE
r-release-linux-x86_64 0.0.2 2.61 35.54 38.15 OK
r-release-macos-x86_64 0.0.2 NOTE
r-release-windows-ix86+x86_64 0.0.2 5.00 46.00 51.00 OK
r-oldrel-macos-x86_64 0.0.2 NOTE
r-oldrel-windows-ix86+x86_64 0.0.2 3.00 57.00 60.00 OK

Check Details

Version: 0.0.2
Check: data for non-ASCII characters
Result: NOTE
     Note: found 12 marked UTF-8 strings
Flavors: r-devel-linux-x86_64-fedora-clang, r-devel-linux-x86_64-fedora-gcc, r-patched-solaris-x86, r-release-macos-x86_64, r-oldrel-macos-x86_64

Version: 0.0.2
Check: installed package size
Result: NOTE
     installed size is 5.1Mb
     sub-directories of 1Mb or more:
     data 5.0Mb
Flavor: r-patched-solaris-x86