CRAN Package Check Results for Package modeldata

Last updated on 2024-02-25 08:53:07 CET.

Flavor Version Tinstall Tcheck Ttotal Status Flags
r-devel-linux-x86_64-debian-clang 1.3.0 22.35 58.22 80.57 OK
r-devel-linux-x86_64-debian-gcc 1.3.0 17.05 44.51 61.56 OK
r-devel-linux-x86_64-fedora-clang 1.3.0 103.37 NOTE
r-devel-linux-x86_64-fedora-gcc 1.3.0 98.73 NOTE
r-devel-windows-x86_64 1.3.0 21.00 71.00 92.00 OK
r-patched-linux-x86_64 1.3.0 21.03 56.20 77.23 OK
r-release-linux-x86_64 1.3.0 19.78 56.82 76.60 OK
r-release-macos-arm64 1.3.0 44.00 NOTE
r-release-macos-x86_64 1.3.0 65.00 NOTE
r-release-windows-x86_64 1.3.0 28.00 89.00 117.00 OK
r-oldrel-macos-arm64 1.3.0 47.00 NOTE
r-oldrel-windows-x86_64 1.3.0 28.00 84.00 112.00 OK

Check Details

Version: 1.3.0
Check: installed package size
Result: NOTE installed size is 5.0Mb sub-directories of 1Mb or more: data 4.8Mb Flavors: r-devel-linux-x86_64-fedora-clang, r-release-macos-arm64, r-release-macos-x86_64, r-oldrel-macos-arm64

Version: 1.3.0
Check: Rd cross-references
Result: NOTE Undeclared package ‘caret’ in Rd xrefs Flavor: r-devel-linux-x86_64-fedora-clang

Version: 1.3.0
Check: data for non-ASCII characters
Result: NOTE Note: found 313 marked UTF-8 strings Flavors: r-devel-linux-x86_64-fedora-clang, r-devel-linux-x86_64-fedora-gcc