Last updated on 2021-03-05 11:51:42 CET.
Flavor | Version | Tinstall | Tcheck | Ttotal | Status | Flags |
---|---|---|---|---|---|---|
r-devel-linux-x86_64-debian-clang | 0.1.0 | 2.40 | 38.45 | 40.85 | OK | |
r-devel-linux-x86_64-debian-gcc | 0.1.0 | 1.89 | 31.70 | 33.59 | OK | |
r-devel-linux-x86_64-fedora-clang | 0.1.0 | 58.77 | NOTE | |||
r-devel-linux-x86_64-fedora-gcc | 0.1.0 | 50.56 | NOTE | |||
r-devel-windows-ix86+x86_64 | 0.1.0 | 6.00 | 70.00 | 76.00 | OK | |
r-patched-linux-x86_64 | 0.1.0 | OK | ||||
r-patched-solaris-x86 | 0.1.0 | 79.50 | NOTE | |||
r-release-linux-x86_64 | 0.1.0 | 2.84 | 39.87 | 42.71 | OK | |
r-release-macos-x86_64 | 0.1.0 | NOTE | ||||
r-release-windows-ix86+x86_64 | 0.1.0 | 5.00 | 54.00 | 59.00 | OK | |
r-oldrel-macos-x86_64 | 0.1.0 | NOTE | ||||
r-oldrel-windows-ix86+x86_64 | 0.1.0 | 5.00 | 44.00 | 49.00 | OK |
Version: 0.1.0
Check: data for non-ASCII characters
Result: NOTE
Note: found 12 marked UTF-8 strings
Flavors: r-devel-linux-x86_64-fedora-clang, r-devel-linux-x86_64-fedora-gcc, r-patched-solaris-x86, r-release-macos-x86_64, r-oldrel-macos-x86_64
Version: 0.1.0
Check: installed package size
Result: NOTE
installed size is 5.4Mb
sub-directories of 1Mb or more:
data 5.3Mb
Flavor: r-patched-solaris-x86