CRAN Package Check Results for Package modeest

Last updated on 2022-06-28 22:49:33 CEST.

Flavor Version Tinstall Tcheck Ttotal Status Flags
r-devel-linux-x86_64-debian-clang 2.4.0 6.06 57.03 63.09 NOTE
r-devel-linux-x86_64-debian-gcc 2.4.0 3.93 44.30 48.23 NOTE
r-devel-linux-x86_64-fedora-clang 2.4.0 86.64 NOTE
r-devel-linux-x86_64-fedora-gcc 2.4.0 87.16 NOTE
r-devel-windows-x86_64 2.4.0 24.00 83.00 107.00 NOTE
r-patched-linux-x86_64 2.4.0 8.10 56.67 64.77 NOTE
r-release-linux-x86_64 2.4.0 7.10 56.06 63.16 NOTE
r-release-macos-arm64 2.4.0 27.00 NOTE
r-release-macos-x86_64 2.4.0 37.00 NOTE
r-release-windows-x86_64 2.4.0 26.00 82.00 108.00 NOTE
r-oldrel-macos-arm64 2.4.0 30.00 NOTE
r-oldrel-macos-x86_64 2.4.0 47.00 NOTE
r-oldrel-windows-ix86+x86_64 2.4.0 15.00 88.00 103.00 NOTE

Check Details

Version: 2.4.0
Check: Rd files
Result: NOTE
    checkRd: (-1) modeest-package.Rd:150: Escaped LaTeX specials: \&
    checkRd: (-1) vieu.Rd:56: Escaped LaTeX specials: \&
Flavors: r-devel-linux-x86_64-debian-clang, r-devel-linux-x86_64-debian-gcc, r-devel-linux-x86_64-fedora-clang, r-devel-linux-x86_64-fedora-gcc, r-devel-windows-x86_64

Version: 2.4.0
Check: LazyData
Result: NOTE
     'LazyData' is specified without a 'data' directory
Flavors: r-devel-linux-x86_64-debian-clang, r-devel-linux-x86_64-debian-gcc, r-devel-linux-x86_64-fedora-clang, r-devel-linux-x86_64-fedora-gcc, r-devel-windows-x86_64, r-patched-linux-x86_64, r-release-linux-x86_64, r-release-macos-arm64, r-release-macos-x86_64, r-release-windows-x86_64, r-oldrel-macos-arm64, r-oldrel-macos-x86_64, r-oldrel-windows-ix86+x86_64