CRAN Package Check Results for Package mockr

Last updated on 2021-06-17 01:50:14 CEST.

Flavor Version Tinstall Tcheck Ttotal Status Flags
r-devel-linux-x86_64-debian-clang 0.1 1.83 23.90 25.73 NOTE
r-devel-linux-x86_64-debian-gcc 0.1 1.47 19.18 20.65 NOTE
r-devel-linux-x86_64-fedora-clang 0.1 40.68 NOTE
r-devel-linux-x86_64-fedora-gcc 0.1 29.35 NOTE
r-devel-windows-x86_64 0.1 4.00 28.00 32.00 NOTE
r-devel-windows-x86_64-gcc10-UCRT 0.1 NOTE
r-patched-linux-x86_64 0.1 1.49 23.45 24.94 NOTE
r-patched-solaris-x86 0.1 49.00 NOTE
r-release-linux-x86_64 0.1 1.77 23.30 25.07 NOTE
r-release-macos-arm64 0.1 NOTE
r-release-macos-x86_64 0.1 NOTE
r-release-windows-ix86+x86_64 0.1 5.00 38.00 43.00 NOTE
r-oldrel-macos-x86_64 0.1 OK
r-oldrel-windows-ix86+x86_64 0.1 3.00 40.00 43.00 OK

Check Details

Version: 0.1
Check: LazyData
Result: NOTE
     'LazyData' is specified without a 'data' directory
Flavors: r-devel-linux-x86_64-debian-clang, r-devel-linux-x86_64-debian-gcc, r-devel-linux-x86_64-fedora-clang, r-devel-linux-x86_64-fedora-gcc, r-devel-windows-x86_64, r-devel-windows-x86_64-gcc10-UCRT, r-patched-linux-x86_64, r-patched-solaris-x86, r-release-linux-x86_64, r-release-macos-arm64, r-release-macos-x86_64, r-release-windows-ix86+x86_64