CRAN Package Check Results for Package mnmer

Last updated on 2024-03-01 21:49:35 CET.

Flavor Version Tinstall Tcheck Ttotal Status Flags
r-devel-linux-x86_64-debian-clang 0.99.1 23.68 143.46 167.14 NOTE
r-devel-linux-x86_64-debian-gcc 0.99.1 17.68 107.09 124.77 NOTE
r-devel-linux-x86_64-fedora-clang 0.99.1 209.82 NOTE
r-devel-linux-x86_64-fedora-gcc 0.99.1 207.87 NOTE
r-devel-windows-x86_64 0.99.1 20.00 123.00 143.00 NOTE
r-patched-linux-x86_64 0.99.1 20.21 139.64 159.85 OK
r-release-linux-x86_64 0.99.1 17.86 140.70 158.56 OK
r-release-macos-arm64 0.99.1 63.00 OK
r-release-macos-x86_64 0.99.1 184.00 OK
r-release-windows-x86_64 0.99.1 18.00 164.00 182.00 OK
r-oldrel-macos-arm64 0.99.1 60.00 OK
r-oldrel-windows-x86_64 0.99.1 26.00 157.00 183.00 OK

Additional issues

noRemap

Check Details

Version: 0.99.1
Check: package vignettes
Result: NOTE Package vignette with \VignetteEngine{} not specifying an engine package: ‘vignette.Rmd’ Engines should be specified as \VignetteEngine{PKG::ENG}. Flavors: r-devel-linux-x86_64-debian-clang, r-devel-linux-x86_64-debian-gcc, r-devel-linux-x86_64-fedora-clang, r-devel-linux-x86_64-fedora-gcc, r-devel-windows-x86_64