CRAN Package Check Results for Package mnj

Last updated on 2023-03-27 06:50:13 CEST.

Flavor Version Tinstall Tcheck Ttotal Status Flags
r-devel-linux-x86_64-debian-clang 1.0 2.04 22.43 24.47 NOTE
r-devel-linux-x86_64-debian-gcc 1.0 1.61 17.68 19.29 NOTE
r-devel-linux-x86_64-fedora-clang 1.0 30.82 NOTE
r-devel-linux-x86_64-fedora-gcc 1.0 29.94 NOTE
r-patched-linux-x86_64 1.0 1.74 22.12 23.86 NOTE
r-release-linux-x86_64 1.0 1.93 23.42 25.35 NOTE
r-release-macos-arm64 1.0 18.00 NOTE
r-release-macos-x86_64 1.0 24.00 NOTE
r-release-windows-x86_64 1.0 8.00 51.00 59.00 NOTE
r-oldrel-macos-arm64 1.0 23.00 NOTE
r-oldrel-macos-x86_64 1.0 29.00 NOTE
r-oldrel-windows-ix86+x86_64 1.0 6.00 51.00 57.00 NOTE

Check Details

Version: 1.0
Check: LazyData
Result: NOTE
     'LazyData' is specified without a 'data' directory
Flavors: r-devel-linux-x86_64-debian-clang, r-devel-linux-x86_64-debian-gcc, r-devel-linux-x86_64-fedora-clang, r-devel-linux-x86_64-fedora-gcc, r-patched-linux-x86_64, r-release-linux-x86_64, r-release-macos-arm64, r-release-macos-x86_64, r-release-windows-x86_64, r-oldrel-macos-arm64, r-oldrel-macos-x86_64, r-oldrel-windows-ix86+x86_64